{"version":"1.0","provider_name":"Fran\u00e7ois Pelletant","provider_url":"https:\/\/francois-pelletant.fr\/blog","author_name":"Francois","author_url":"https:\/\/francois-pelletant.fr\/blog\/author\/francois\/","title":"La voirie de Linas en travaux - Fran\u00e7ois Pelletant","type":"rich","width":600,"height":338,"html":"<blockquote class=\"wp-embedded-content\" data-secret=\"7GYOwEZ4TU\"><a href=\"https:\/\/francois-pelletant.fr\/blog\/la-voirie-de-linas-en-travaux\/\">La voirie de Linas en travaux<\/a><\/blockquote><iframe sandbox=\"allow-scripts\" security=\"restricted\" src=\"https:\/\/francois-pelletant.fr\/blog\/la-voirie-de-linas-en-travaux\/embed\/#?secret=7GYOwEZ4TU\" width=\"600\" height=\"338\" title=\"\u00ab\u00a0La voirie de Linas en travaux\u00a0\u00bb &#8212; Fran\u00e7ois Pelletant\" data-secret=\"7GYOwEZ4TU\" frameborder=\"0\" marginwidth=\"0\" marginheight=\"0\" scrolling=\"no\" class=\"wp-embedded-content\"><\/iframe><script>\n\/*! This file is auto-generated *\/\n!function(d,l){\"use strict\";l.querySelector&&d.addEventListener&&\"undefined\"!=typeof URL&&(d.wp=d.wp||{},d.wp.receiveEmbedMessage||(d.wp.receiveEmbedMessage=function(e){var t=e.data;if((t||t.secret||t.message||t.value)&&!\/[^a-zA-Z0-9]\/.test(t.secret)){for(var s,r,n,a=l.querySelectorAll('iframe[data-secret=\"'+t.secret+'\"]'),o=l.querySelectorAll('blockquote[data-secret=\"'+t.secret+'\"]'),c=new RegExp(\"^https?:$\",\"i\"),i=0;i<o.length;i++)o[i].style.display=\"none\";for(i=0;i<a.length;i++)s=a[i],e.source===s.contentWindow&&(s.removeAttribute(\"style\"),\"height\"===t.message?(1e3<(r=parseInt(t.value,10))?r=1e3:~~r<200&&(r=200),s.height=r):\"link\"===t.message&&(r=new URL(s.getAttribute(\"src\")),n=new URL(t.value),c.test(n.protocol))&&n.host===r.host&&l.activeElement===s&&(d.top.location.href=t.value))}},d.addEventListener(\"message\",d.wp.receiveEmbedMessage,!1),l.addEventListener(\"DOMContentLoaded\",function(){for(var e,t,s=l.querySelectorAll(\"iframe.wp-embedded-content\"),r=0;r<s.length;r++)(t=(e=s[r]).getAttribute(\"data-secret\"))||(t=Math.random().toString(36).substring(2,12),e.src+=\"#?secret=\"+t,e.setAttribute(\"data-secret\",t)),e.contentWindow.postMessage({message:\"ready\",secret:t},\"*\")},!1)))}(window,document);\n<\/script>\n","thumbnail_url":"https:\/\/francois-pelletant.fr\/blog\/wp-content\/uploads\/2012\/07\/travaux-\u00e9t\u00e9-2012.jpg","thumbnail_width":425,"thumbnail_height":282,"description":"Jusqu\u2019au 12 septembre 2012, plusieurs rues de Linas vont \u00eatre l\u2019objet de travaux afin de renouveler des branchements en plomb.\u00a0Une d\u00e9viation pour contourner la rue St Merry va \u00eatre install\u00e9e et des circulations altern\u00e9es par des feux tricolores seront mises en place dans plusieurs endroits de la ville. Soyez prudents\u00a0!"}

François Pelletant

La voirie de Linas en travaux - François Pelletant

<blockquote class="wp-embedded-content" data-secret="7GYOwEZ4TU"><a href="https://francois-pelletant.fr/blog/la-voirie-de-linas-en-travaux/">La voirie de Linas en travaux</a></blockquote><iframe sandbox="allow-scripts" security="restricted" src="https://francois-pelletant.fr/blog/la-voirie-de-linas-en-travaux/embed/#?secret=7GYOwEZ4TU" width="600" height="338" title="« La voirie de Linas en travaux » &#8212; François Pelletant" data-secret="7GYOwEZ4TU" frameborder="0" marginwidth="0" marginheight="0" scrolling="no" class="wp-embedded-content"></iframe><script>
/*! This file is auto-generated */
!function(d,l){"use strict";l.querySelector&&d.addEventListener&&"undefined"!=typeof URL&&(d.wp=d.wp||{},d.wp.receiveEmbedMessage||(d.wp.receiveEmbedMessage=function(e){var t=e.data;if((t||t.secret||t.message||t.value)&&!/[^a-zA-Z0-9]/.test(t.secret)){for(var s,r,n,a=l.querySelectorAll('iframe[data-secret="'+t.secret+'"]'),o=l.querySelectorAll('blockquote[data-secret="'+t.secret+'"]'),c=new RegExp("^https?:$","i"),i=0;i<o.length;i++)o[i].style.display="none";for(i=0;i<a.length;i++)s=a[i],e.source===s.contentWindow&&(s.removeAttribute("style"),"height"===t.message?(1e3<(r=parseInt(t.value,10))?r=1e3:~~r<200&&(r=200),s.height=r):"link"===t.message&&(r=new URL(s.getAttribute("src")),n=new URL(t.value),c.test(n.protocol))&&n.host===r.host&&l.activeElement===s&&(d.top.location.href=t.value))}},d.addEventListener("message",d.wp.receiveEmbedMessage,!1),l.addEventListener("DOMContentLoaded",function(){for(var e,t,s=l.querySelectorAll("iframe.wp-embedded-content"),r=0;r<s.length;r++)(t=(e=s[r]).getAttribute("data-secret"))||(t=Math.random().toString(36).substring(2,12),e.src+="#?secret="+t,e.setAttribute("data-secret",t)),e.contentWindow.postMessage({message:"ready",secret:t},"*")},!1)))}(window,document);
</script>

https://francois-pelletant.fr/blog/wp-content/uploads/2012/07/travaux-été-2012.jpg

Jusqu’au 12 septembre 2012, plusieurs rues de Linas vont être l’objet de travaux afin de renouveler des branchements en plomb. Une déviation pour contourner la rue St Merry va être installée et des circulations alternées par des feux tricolores seront mises en place dans plusieurs endroits de la ville. Soyez prudents !
