{"version":"1.0","provider_name":"Fran\u00e7ois Pelletant","provider_url":"https:\/\/francois-pelletant.fr\/blog","author_name":"Francois","author_url":"https:\/\/francois-pelletant.fr\/blog\/author\/francois\/","title":"Les &quot;Muzicales&quot; : le nouveau rendez-vous Linois - Fran\u00e7ois Pelletant","type":"rich","width":600,"height":338,"html":"<blockquote class=\"wp-embedded-content\" data-secret=\"tVGLqK5F8H\"><a href=\"https:\/\/francois-pelletant.fr\/blog\/les-muzicales-le-nouveau-rendez-vous-linois\/\">Les &quot;Muzicales&quot; : le nouveau rendez-vous Linois<\/a><\/blockquote><iframe sandbox=\"allow-scripts\" security=\"restricted\" src=\"https:\/\/francois-pelletant.fr\/blog\/les-muzicales-le-nouveau-rendez-vous-linois\/embed\/#?secret=tVGLqK5F8H\" width=\"600\" height=\"338\" title=\"\u00ab\u00a0Les &quot;Muzicales&quot; : le nouveau rendez-vous Linois\u00a0\u00bb &#8212; Fran\u00e7ois Pelletant\" data-secret=\"tVGLqK5F8H\" frameborder=\"0\" marginwidth=\"0\" marginheight=\"0\" scrolling=\"no\" class=\"wp-embedded-content\"><\/iframe><script>\n\/*! This file is auto-generated *\/\n!function(d,l){\"use strict\";l.querySelector&&d.addEventListener&&\"undefined\"!=typeof URL&&(d.wp=d.wp||{},d.wp.receiveEmbedMessage||(d.wp.receiveEmbedMessage=function(e){var t=e.data;if((t||t.secret||t.message||t.value)&&!\/[^a-zA-Z0-9]\/.test(t.secret)){for(var s,r,n,a=l.querySelectorAll('iframe[data-secret=\"'+t.secret+'\"]'),o=l.querySelectorAll('blockquote[data-secret=\"'+t.secret+'\"]'),c=new RegExp(\"^https?:$\",\"i\"),i=0;i<o.length;i++)o[i].style.display=\"none\";for(i=0;i<a.length;i++)s=a[i],e.source===s.contentWindow&&(s.removeAttribute(\"style\"),\"height\"===t.message?(1e3<(r=parseInt(t.value,10))?r=1e3:~~r<200&&(r=200),s.height=r):\"link\"===t.message&&(r=new URL(s.getAttribute(\"src\")),n=new URL(t.value),c.test(n.protocol))&&n.host===r.host&&l.activeElement===s&&(d.top.location.href=t.value))}},d.addEventListener(\"message\",d.wp.receiveEmbedMessage,!1),l.addEventListener(\"DOMContentLoaded\",function(){for(var e,t,s=l.querySelectorAll(\"iframe.wp-embedded-content\"),r=0;r<s.length;r++)(t=(e=s[r]).getAttribute(\"data-secret\"))||(t=Math.random().toString(36).substring(2,12),e.src+=\"#?secret=\"+t,e.setAttribute(\"data-secret\",t)),e.contentWindow.postMessage({message:\"ready\",secret:t},\"*\")},!1)))}(window,document);\n<\/script>\n","thumbnail_url":"https:\/\/francois-pelletant.fr\/blog\/wp-content\/uploads\/2015\/05\/musicales-fb.jpg","thumbnail_width":401,"thumbnail_height":567,"description":"Du 23 mai au 13 juin 2015, chaque samedi soir, la salle Erato de la M\u00e9diath\u00e8que \u00ab Les Muses \u00bb \u00e0 Linas vous accueille de 20h \u00e0 22h pour une s\u00e9rie de concerts exceptionnels dans le cadre d&#8217;un nouveau rendez-vous culturel : les \u00ab Muzicales \u00bb de Linas. Entr\u00e9e libre (places limit\u00e9es). Programme (pr\u00e9visionnel) : [&hellip;]"}

François Pelletant

Les &quot;Muzicales&quot; : le nouveau rendez-vous Linois - François Pelletant

<blockquote class="wp-embedded-content" data-secret="tVGLqK5F8H"><a href="https://francois-pelletant.fr/blog/les-muzicales-le-nouveau-rendez-vous-linois/">Les &quot;Muzicales&quot; : le nouveau rendez-vous Linois</a></blockquote><iframe sandbox="allow-scripts" security="restricted" src="https://francois-pelletant.fr/blog/les-muzicales-le-nouveau-rendez-vous-linois/embed/#?secret=tVGLqK5F8H" width="600" height="338" title="« Les &quot;Muzicales&quot; : le nouveau rendez-vous Linois » &#8212; François Pelletant" data-secret="tVGLqK5F8H" frameborder="0" marginwidth="0" marginheight="0" scrolling="no" class="wp-embedded-content"></iframe><script>
/*! This file is auto-generated */
!function(d,l){"use strict";l.querySelector&&d.addEventListener&&"undefined"!=typeof URL&&(d.wp=d.wp||{},d.wp.receiveEmbedMessage||(d.wp.receiveEmbedMessage=function(e){var t=e.data;if((t||t.secret||t.message||t.value)&&!/[^a-zA-Z0-9]/.test(t.secret)){for(var s,r,n,a=l.querySelectorAll('iframe[data-secret="'+t.secret+'"]'),o=l.querySelectorAll('blockquote[data-secret="'+t.secret+'"]'),c=new RegExp("^https?:$","i"),i=0;i<o.length;i++)o[i].style.display="none";for(i=0;i<a.length;i++)s=a[i],e.source===s.contentWindow&&(s.removeAttribute("style"),"height"===t.message?(1e3<(r=parseInt(t.value,10))?r=1e3:~~r<200&&(r=200),s.height=r):"link"===t.message&&(r=new URL(s.getAttribute("src")),n=new URL(t.value),c.test(n.protocol))&&n.host===r.host&&l.activeElement===s&&(d.top.location.href=t.value))}},d.addEventListener("message",d.wp.receiveEmbedMessage,!1),l.addEventListener("DOMContentLoaded",function(){for(var e,t,s=l.querySelectorAll("iframe.wp-embedded-content"),r=0;r<s.length;r++)(t=(e=s[r]).getAttribute("data-secret"))||(t=Math.random().toString(36).substring(2,12),e.src+="#?secret="+t,e.setAttribute("data-secret",t)),e.contentWindow.postMessage({message:"ready",secret:t},"*")},!1)))}(window,document);
</script>

Du 23 mai au 13 juin 2015, chaque samedi soir, la salle Erato de la Médiathèque « Les Muses » à Linas vous accueille de 20h à 22h pour une série de concerts exceptionnels dans le cadre d&#8217;un nouveau rendez-vous culturel : les « Muzicales » de Linas. Entrée libre (places limitées). Programme (prévisionnel) : [&hellip;]
