{"version":"1.0","provider_name":"Fran\u00e7ois Pelletant","provider_url":"https:\/\/francois-pelletant.fr\/blog","author_name":"Francois","author_url":"https:\/\/francois-pelletant.fr\/blog\/author\/francois\/","title":"Une subvention pour l&#039;\u00e9cole - Fran\u00e7ois Pelletant","type":"rich","width":600,"height":338,"html":"<blockquote class=\"wp-embedded-content\" data-secret=\"EnupoMs9lA\"><a href=\"https:\/\/francois-pelletant.fr\/blog\/une-subvention-pour-lecole\/\">Une subvention pour l&#039;\u00e9cole<\/a><\/blockquote><iframe sandbox=\"allow-scripts\" security=\"restricted\" src=\"https:\/\/francois-pelletant.fr\/blog\/une-subvention-pour-lecole\/embed\/#?secret=EnupoMs9lA\" width=\"600\" height=\"338\" title=\"\u00ab\u00a0Une subvention pour l&#039;\u00e9cole\u00a0\u00bb &#8212; Fran\u00e7ois Pelletant\" data-secret=\"EnupoMs9lA\" frameborder=\"0\" marginwidth=\"0\" marginheight=\"0\" scrolling=\"no\" class=\"wp-embedded-content\"><\/iframe><script>\n\/*! This file is auto-generated *\/\n!function(d,l){\"use strict\";l.querySelector&&d.addEventListener&&\"undefined\"!=typeof URL&&(d.wp=d.wp||{},d.wp.receiveEmbedMessage||(d.wp.receiveEmbedMessage=function(e){var t=e.data;if((t||t.secret||t.message||t.value)&&!\/[^a-zA-Z0-9]\/.test(t.secret)){for(var s,r,n,a=l.querySelectorAll('iframe[data-secret=\"'+t.secret+'\"]'),o=l.querySelectorAll('blockquote[data-secret=\"'+t.secret+'\"]'),c=new RegExp(\"^https?:$\",\"i\"),i=0;i<o.length;i++)o[i].style.display=\"none\";for(i=0;i<a.length;i++)s=a[i],e.source===s.contentWindow&&(s.removeAttribute(\"style\"),\"height\"===t.message?(1e3<(r=parseInt(t.value,10))?r=1e3:~~r<200&&(r=200),s.height=r):\"link\"===t.message&&(r=new URL(s.getAttribute(\"src\")),n=new URL(t.value),c.test(n.protocol))&&n.host===r.host&&l.activeElement===s&&(d.top.location.href=t.value))}},d.addEventListener(\"message\",d.wp.receiveEmbedMessage,!1),l.addEventListener(\"DOMContentLoaded\",function(){for(var e,t,s=l.querySelectorAll(\"iframe.wp-embedded-content\"),r=0;r<s.length;r++)(t=(e=s[r]).getAttribute(\"data-secret\"))||(t=Math.random().toString(36).substring(2,12),e.src+=\"#?secret=\"+t,e.setAttribute(\"data-secret\",t)),e.contentWindow.postMessage({message:\"ready\",secret:t},\"*\")},!1)))}(window,document);\n<\/script>\n","thumbnail_url":"https:\/\/francois-pelletant.fr\/blog\/wp-content\/uploads\/2012\/06\/subventio-ademe.jpg","thumbnail_width":1181,"thumbnail_height":670,"description":"La municipalit\u00e9 de Linas a \u00e9t\u00e9 re\u00e7ue par l&#8217;Agence de l&#8217;Environnement et de la Ma\u00eetrise de l&#8217;Energie (Ademe) le 22 mai dernier et le dossier de subvention de la commune pour la future \u00e9cole devrait \u00eatre \u00e9tudi\u00e9 d\u00e8s septembre 2012. Il restera ensuite la subvention du Conseil R\u00e9gional et celle du Conseil G\u00e9n\u00e9ral actuellement en [&hellip;]"}

François Pelletant

Une subvention pour l&#039;école - François Pelletant

<blockquote class="wp-embedded-content" data-secret="EnupoMs9lA"><a href="https://francois-pelletant.fr/blog/une-subvention-pour-lecole/">Une subvention pour l&#039;école</a></blockquote><iframe sandbox="allow-scripts" security="restricted" src="https://francois-pelletant.fr/blog/une-subvention-pour-lecole/embed/#?secret=EnupoMs9lA" width="600" height="338" title="« Une subvention pour l&#039;école » &#8212; François Pelletant" data-secret="EnupoMs9lA" frameborder="0" marginwidth="0" marginheight="0" scrolling="no" class="wp-embedded-content"></iframe><script>
/*! This file is auto-generated */
!function(d,l){"use strict";l.querySelector&&d.addEventListener&&"undefined"!=typeof URL&&(d.wp=d.wp||{},d.wp.receiveEmbedMessage||(d.wp.receiveEmbedMessage=function(e){var t=e.data;if((t||t.secret||t.message||t.value)&&!/[^a-zA-Z0-9]/.test(t.secret)){for(var s,r,n,a=l.querySelectorAll('iframe[data-secret="'+t.secret+'"]'),o=l.querySelectorAll('blockquote[data-secret="'+t.secret+'"]'),c=new RegExp("^https?:$","i"),i=0;i<o.length;i++)o[i].style.display="none";for(i=0;i<a.length;i++)s=a[i],e.source===s.contentWindow&&(s.removeAttribute("style"),"height"===t.message?(1e3<(r=parseInt(t.value,10))?r=1e3:~~r<200&&(r=200),s.height=r):"link"===t.message&&(r=new URL(s.getAttribute("src")),n=new URL(t.value),c.test(n.protocol))&&n.host===r.host&&l.activeElement===s&&(d.top.location.href=t.value))}},d.addEventListener("message",d.wp.receiveEmbedMessage,!1),l.addEventListener("DOMContentLoaded",function(){for(var e,t,s=l.querySelectorAll("iframe.wp-embedded-content"),r=0;r<s.length;r++)(t=(e=s[r]).getAttribute("data-secret"))||(t=Math.random().toString(36).substring(2,12),e.src+="#?secret="+t,e.setAttribute("data-secret",t)),e.contentWindow.postMessage({message:"ready",secret:t},"*")},!1)))}(window,document);
</script>

La municipalité de Linas a été reçue par l&#8217;Agence de l&#8217;Environnement et de la Maîtrise de l&#8217;Energie (Ademe) le 22 mai dernier et le dossier de subvention de la commune pour la future école devrait être étudié dès septembre 2012. Il restera ensuite la subvention du Conseil Régional et celle du Conseil Général actuellement en [&hellip;]
