{"id":7677,"date":"2016-10-24T14:20:24","date_gmt":"2016-10-24T14:20:24","guid":{"rendered":"https:\/\/francois-pelletant.fr\/blog\/wp-content\/uploads\/2016\/10\/migrants.jpeg"},"modified":"2016-10-24T14:20:48","modified_gmt":"2016-10-24T14:20:48","slug":"migrants","status":"inherit","type":"attachment","link":"https:\/\/francois-pelletant.fr\/blog\/les-migrants-parisiens-transferes-a-forges-les-bains\/migrants\/","title":{"rendered":"migrants"},"author":1,"featured_media":0,"comment_status":"open","ping_status":"closed","template":"","meta":[],"class_list":["post-7677","attachment","type-attachment","status-inherit","hentry"],"yoast_head":"<!-- This site is optimized with the Yoast SEO plugin v25.6 - https:\/\/yoast.com\/wordpress\/plugins\/seo\/ -->\n<title>migrants - Fran\u00e7ois Pelletant<\/title>\n<meta name=\"robots\" content=\"index, follow, max-snippet:-1, max-image-preview:large, max-video-preview:-1\" \/>\n<link rel=\"canonical\" href=\"https:\/\/francois-pelletant.fr\/blog\/wp-content\/uploads\/2016\/10\/migrants.jpeg\" \/>\n<meta property=\"og:locale\" content=\"fr_FR\" \/>\n<meta property=\"og:type\" content=\"article\" \/>\n<meta property=\"og:title\" content=\"migrants - Fran\u00e7ois Pelletant\" \/>\n<meta property=\"og:description\" content=\"cr\u00e9dit photo ASSOCIATED PRESS\" \/>\n<meta property=\"og:url\" content=\"https:\/\/francois-pelletant.fr\/blog\/wp-content\/uploads\/2016\/10\/migrants.jpeg\" \/>\n<meta property=\"og:site_name\" content=\"Fran\u00e7ois Pelletant\" \/>\n<meta property=\"article:publisher\" content=\"https:\/\/www.facebook.com\/francois.pelletant.7\" \/>\n<meta property=\"article:modified_time\" content=\"2016-10-24T14:20:48+00:00\" \/>\n<meta property=\"og:image\" content=\"https:\/\/francois-pelletant.fr\/blog\/wp-content\/uploads\/2016\/10\/migrants.jpeg\" \/>\n\t<meta property=\"og:image:width\" content=\"630\" \/>\n\t<meta property=\"og:image:height\" content=\"315\" \/>\n\t<meta property=\"og:image:type\" content=\"image\/jpeg\" \/>\n<meta name=\"twitter:card\" content=\"summary_large_image\" \/>\n<meta name=\"twitter:site\" content=\"@pelletant\" \/>\n<script type=\"application\/ld+json\" class=\"yoast-schema-graph\">{\"@context\":\"https:\/\/schema.org\",\"@graph\":[{\"@type\":\"WebPage\",\"@id\":\"https:\/\/francois-pelletant.fr\/blog\/wp-content\/uploads\/2016\/10\/migrants.jpeg\",\"url\":\"https:\/\/francois-pelletant.fr\/blog\/wp-content\/uploads\/2016\/10\/migrants.jpeg\",\"name\":\"migrants - Fran\u00e7ois Pelletant\",\"isPartOf\":{\"@id\":\"https:\/\/francois-pelletant.fr\/blog\/#website\"},\"datePublished\":\"2016-10-24T14:20:24+00:00\",\"dateModified\":\"2016-10-24T14:20:48+00:00\",\"breadcrumb\":{\"@id\":\"https:\/\/francois-pelletant.fr\/blog\/wp-content\/uploads\/2016\/10\/migrants.jpeg#breadcrumb\"},\"inLanguage\":\"fr-FR\",\"potentialAction\":[{\"@type\":\"ReadAction\",\"target\":[\"https:\/\/francois-pelletant.fr\/blog\/wp-content\/uploads\/2016\/10\/migrants.jpeg\"]}]},{\"@type\":\"BreadcrumbList\",\"@id\":\"https:\/\/francois-pelletant.fr\/blog\/wp-content\/uploads\/2016\/10\/migrants.jpeg#breadcrumb\",\"itemListElement\":[{\"@type\":\"ListItem\",\"position\":1,\"name\":\"Accueil\",\"item\":\"https:\/\/francois-pelletant.fr\/blog\/\"},{\"@type\":\"ListItem\",\"position\":2,\"name\":\"Les migrants parisiens transf\u00e9r\u00e9s \u00e0 Forges-les-Bains, ou l&#8217;exemple \u00e0 ne pas suivre\",\"item\":\"https:\/\/francois-pelletant.fr\/blog\/les-migrants-parisiens-transferes-a-forges-les-bains\/\"},{\"@type\":\"ListItem\",\"position\":3,\"name\":\"migrants\"}]},{\"@type\":\"WebSite\",\"@id\":\"https:\/\/francois-pelletant.fr\/blog\/#website\",\"url\":\"https:\/\/francois-pelletant.fr\/blog\/\",\"name\":\"Fran\u00e7ois Pelletant\",\"description\":\"Maire de Linas, pour toujours.\",\"publisher\":{\"@id\":\"https:\/\/francois-pelletant.fr\/blog\/#organization\"},\"potentialAction\":[{\"@type\":\"SearchAction\",\"target\":{\"@type\":\"EntryPoint\",\"urlTemplate\":\"https:\/\/francois-pelletant.fr\/blog\/?s={search_term_string}\"},\"query-input\":{\"@type\":\"PropertyValueSpecification\",\"valueRequired\":true,\"valueName\":\"search_term_string\"}}],\"inLanguage\":\"fr-FR\"},{\"@type\":\"Organization\",\"@id\":\"https:\/\/francois-pelletant.fr\/blog\/#organization\",\"name\":\"Fran\u00e7ois Pelletant\",\"url\":\"https:\/\/francois-pelletant.fr\/blog\/\",\"logo\":{\"@type\":\"ImageObject\",\"inLanguage\":\"fr-FR\",\"@id\":\"https:\/\/francois-pelletant.fr\/blog\/#\/schema\/logo\/image\/\",\"url\":\"https:\/\/francois-pelletant.fr\/blog\/wp-content\/uploads\/2024\/07\/icone-francois-centre-500p.png\",\"contentUrl\":\"https:\/\/francois-pelletant.fr\/blog\/wp-content\/uploads\/2024\/07\/icone-francois-centre-500p.png\",\"width\":559,\"height\":447,\"caption\":\"Fran\u00e7ois Pelletant\"},\"image\":{\"@id\":\"https:\/\/francois-pelletant.fr\/blog\/#\/schema\/logo\/image\/\"},\"sameAs\":[\"https:\/\/www.facebook.com\/francois.pelletant.7\",\"https:\/\/x.com\/pelletant\"]}]}<\/script>\n<!-- \/ Yoast SEO plugin. -->","yoast_head_json":{"title":"migrants - Fran\u00e7ois Pelletant","robots":{"index":"index","follow":"follow","max-snippet":"max-snippet:-1","max-image-preview":"max-image-preview:large","max-video-preview":"max-video-preview:-1"},"canonical":"https:\/\/francois-pelletant.fr\/blog\/wp-content\/uploads\/2016\/10\/migrants.jpeg","og_locale":"fr_FR","og_type":"article","og_title":"migrants - Fran\u00e7ois Pelletant","og_description":"cr\u00e9dit photo ASSOCIATED PRESS","og_url":"https:\/\/francois-pelletant.fr\/blog\/wp-content\/uploads\/2016\/10\/migrants.jpeg","og_site_name":"Fran\u00e7ois Pelletant","article_publisher":"https:\/\/www.facebook.com\/francois.pelletant.7","article_modified_time":"2016-10-24T14:20:48+00:00","og_image":[{"width":630,"height":315,"url":"https:\/\/francois-pelletant.fr\/blog\/wp-content\/uploads\/2016\/10\/migrants.jpeg","type":"image\/jpeg"}],"twitter_card":"summary_large_image","twitter_site":"@pelletant","schema":{"@context":"https:\/\/schema.org","@graph":[{"@type":"WebPage","@id":"https:\/\/francois-pelletant.fr\/blog\/wp-content\/uploads\/2016\/10\/migrants.jpeg","url":"https:\/\/francois-pelletant.fr\/blog\/wp-content\/uploads\/2016\/10\/migrants.jpeg","name":"migrants - Fran\u00e7ois Pelletant","isPartOf":{"@id":"https:\/\/francois-pelletant.fr\/blog\/#website"},"datePublished":"2016-10-24T14:20:24+00:00","dateModified":"2016-10-24T14:20:48+00:00","breadcrumb":{"@id":"https:\/\/francois-pelletant.fr\/blog\/wp-content\/uploads\/2016\/10\/migrants.jpeg#breadcrumb"},"inLanguage":"fr-FR","potentialAction":[{"@type":"ReadAction","target":["https:\/\/francois-pelletant.fr\/blog\/wp-content\/uploads\/2016\/10\/migrants.jpeg"]}]},{"@type":"BreadcrumbList","@id":"https:\/\/francois-pelletant.fr\/blog\/wp-content\/uploads\/2016\/10\/migrants.jpeg#breadcrumb","itemListElement":[{"@type":"ListItem","position":1,"name":"Accueil","item":"https:\/\/francois-pelletant.fr\/blog\/"},{"@type":"ListItem","position":2,"name":"Les migrants parisiens transf\u00e9r\u00e9s \u00e0 Forges-les-Bains, ou l&#8217;exemple \u00e0 ne pas suivre","item":"https:\/\/francois-pelletant.fr\/blog\/les-migrants-parisiens-transferes-a-forges-les-bains\/"},{"@type":"ListItem","position":3,"name":"migrants"}]},{"@type":"WebSite","@id":"https:\/\/francois-pelletant.fr\/blog\/#website","url":"https:\/\/francois-pelletant.fr\/blog\/","name":"Fran\u00e7ois Pelletant","description":"Maire de Linas, pour toujours.","publisher":{"@id":"https:\/\/francois-pelletant.fr\/blog\/#organization"},"potentialAction":[{"@type":"SearchAction","target":{"@type":"EntryPoint","urlTemplate":"https:\/\/francois-pelletant.fr\/blog\/?s={search_term_string}"},"query-input":{"@type":"PropertyValueSpecification","valueRequired":true,"valueName":"search_term_string"}}],"inLanguage":"fr-FR"},{"@type":"Organization","@id":"https:\/\/francois-pelletant.fr\/blog\/#organization","name":"Fran\u00e7ois Pelletant","url":"https:\/\/francois-pelletant.fr\/blog\/","logo":{"@type":"ImageObject","inLanguage":"fr-FR","@id":"https:\/\/francois-pelletant.fr\/blog\/#\/schema\/logo\/image\/","url":"https:\/\/francois-pelletant.fr\/blog\/wp-content\/uploads\/2024\/07\/icone-francois-centre-500p.png","contentUrl":"https:\/\/francois-pelletant.fr\/blog\/wp-content\/uploads\/2024\/07\/icone-francois-centre-500p.png","width":559,"height":447,"caption":"Fran\u00e7ois Pelletant"},"image":{"@id":"https:\/\/francois-pelletant.fr\/blog\/#\/schema\/logo\/image\/"},"sameAs":["https:\/\/www.facebook.com\/francois.pelletant.7","https:\/\/x.com\/pelletant"]}]}},"description":{"rendered":"<p class=\"attachment\"><a href='https:\/\/francois-pelletant.fr\/blog\/wp-content\/uploads\/2016\/10\/migrants.jpeg'><img loading=\"lazy\" decoding=\"async\" width=\"300\" height=\"150\" src=\"https:\/\/francois-pelletant.fr\/blog\/wp-content\/uploads\/2016\/10\/migrants-300x150.jpeg\" class=\"attachment-medium size-medium\" alt=\"\" srcset=\"https:\/\/francois-pelletant.fr\/blog\/wp-content\/uploads\/2016\/10\/migrants-300x150.jpeg 300w, https:\/\/francois-pelletant.fr\/blog\/wp-content\/uploads\/2016\/10\/migrants-600x300.jpeg 600w, https:\/\/francois-pelletant.fr\/blog\/wp-content\/uploads\/2016\/10\/migrants.jpeg 630w\" sizes=\"auto, (max-width: 300px) 100vw, 300px\" \/><\/a><\/p>\n"},"caption":{"rendered":"<p>cr\u00e9dit photo ASSOCIATED PRESS<\/p>\n"},"alt_text":"","media_type":"image","mime_type":"image\/jpeg","media_details":{"width":630,"height":315,"file":"2016\/10\/migrants.jpeg","sizes":{"medium":{"file":"migrants-300x150.jpeg","width":300,"height":150,"mime_type":"image\/jpeg","source_url":"https:\/\/francois-pelletant.fr\/blog\/wp-content\/uploads\/2016\/10\/migrants-300x150.jpeg"},"thumbnail":{"file":"migrants-150x150.jpeg","width":150,"height":150,"mime_type":"image\/jpeg","source_url":"https:\/\/francois-pelletant.fr\/blog\/wp-content\/uploads\/2016\/10\/migrants-150x150.jpeg"},"wysija-newsletters-max":{"file":"migrants-600x300.jpeg","width":600,"height":300,"mime_type":"image\/jpeg","source_url":"https:\/\/francois-pelletant.fr\/blog\/wp-content\/uploads\/2016\/10\/migrants-600x300.jpeg"},"post-thumbnail":{"file":"migrants-370x265.jpeg","width":370,"height":265,"mime_type":"image\/jpeg","source_url":"https:\/\/francois-pelletant.fr\/blog\/wp-content\/uploads\/2016\/10\/migrants-370x265.jpeg"},"kava-thumb-s":{"file":"migrants-150x85.jpeg","width":150,"height":85,"mime_type":"image\/jpeg","source_url":"https:\/\/francois-pelletant.fr\/blog\/wp-content\/uploads\/2016\/10\/migrants-150x85.jpeg"},"kava-thumb-s-2":{"file":"migrants-230x230.jpeg","width":230,"height":230,"mime_type":"image\/jpeg","source_url":"https:\/\/francois-pelletant.fr\/blog\/wp-content\/uploads\/2016\/10\/migrants-230x230.jpeg"},"kava-thumb-m":{"file":"migrants-400x315.jpeg","width":400,"height":315,"mime_type":"image\/jpeg","source_url":"https:\/\/francois-pelletant.fr\/blog\/wp-content\/uploads\/2016\/10\/migrants-400x315.jpeg"},"kava-thumb-m-vertical":{"file":"migrants-370x315.jpeg","width":370,"height":315,"mime_type":"image\/jpeg","source_url":"https:\/\/francois-pelletant.fr\/blog\/wp-content\/uploads\/2016\/10\/migrants-370x315.jpeg"},"kava-thumb-m-2":{"file":"migrants-570x315.jpeg","width":570,"height":315,"mime_type":"image\/jpeg","source_url":"https:\/\/francois-pelletant.fr\/blog\/wp-content\/uploads\/2016\/10\/migrants-570x315.jpeg"},"kava-thumb-masonry":{"file":"migrants-600x300.jpeg","width":600,"height":300,"mime_type":"image\/jpeg","source_url":"https:\/\/francois-pelletant.fr\/blog\/wp-content\/uploads\/2016\/10\/migrants-600x300.jpeg"},"full":{"file":"migrants.jpeg","width":630,"height":315,"mime_type":"image\/jpeg","source_url":"https:\/\/francois-pelletant.fr\/blog\/wp-content\/uploads\/2016\/10\/migrants.jpeg"}},"image_meta":{"aperture":"0","credit":"","camera":"","caption":"","created_timestamp":"0","copyright":"","focal_length":"0","iso":"0","shutter_speed":"0","title":"","orientation":"0","keywords":[]},"ShortPixel":{"WaitingProcessing":true}},"post":7676,"source_url":"https:\/\/francois-pelletant.fr\/blog\/wp-content\/uploads\/2016\/10\/migrants.jpeg","_links":{"self":[{"href":"https:\/\/francois-pelletant.fr\/blog\/wp-json\/wp\/v2\/media\/7677","targetHints":{"allow":["GET"]}}],"collection":[{"href":"https:\/\/francois-pelletant.fr\/blog\/wp-json\/wp\/v2\/media"}],"about":[{"href":"https:\/\/francois-pelletant.fr\/blog\/wp-json\/wp\/v2\/types\/attachment"}],"author":[{"embeddable":true,"href":"https:\/\/francois-pelletant.fr\/blog\/wp-json\/wp\/v2\/users\/1"}],"replies":[{"embeddable":true,"href":"https:\/\/francois-pelletant.fr\/blog\/wp-json\/wp\/v2\/comments?post=7677"}]}}

<!-- This site is optimized with the Yoast SEO plugin v25.6 - https://yoast.com/wordpress/plugins/seo/ -->
<title>migrants - François Pelletant</title>
<meta name="robots" content="index, follow, max-snippet:-1, max-image-preview:large, max-video-preview:-1" />
<link rel="canonical" href="https://francois-pelletant.fr/blog/wp-content/uploads/2016/10/migrants.jpeg" />
<meta property="og:locale" content="fr_FR" />
<meta property="og:type" content="article" />
<meta property="og:title" content="migrants - François Pelletant" />
<meta property="og:description" content="crédit photo ASSOCIATED PRESS" />
<meta property="og:url" content="https://francois-pelletant.fr/blog/wp-content/uploads/2016/10/migrants.jpeg" />
<meta property="og:site_name" content="François Pelletant" />
<meta property="article:publisher" content="https://www.facebook.com/francois.pelletant.7" />
<meta property="article:modified_time" content="2016-10-24T14:20:48+00:00" />
<meta property="og:image" content="https://francois-pelletant.fr/blog/wp-content/uploads/2016/10/migrants.jpeg" />
	<meta property="og:image:width" content="630" />
	<meta property="og:image:height" content="315" />
	<meta property="og:image:type" content="image/jpeg" />
<meta name="twitter:card" content="summary_large_image" />
<meta name="twitter:site" content="@pelletant" />
<script type="application/ld+json" class="yoast-schema-graph">{"@context":"https://schema.org","@graph":[{"@type":"WebPage","@id":"https://francois-pelletant.fr/blog/wp-content/uploads/2016/10/migrants.jpeg","url":"https://francois-pelletant.fr/blog/wp-content/uploads/2016/10/migrants.jpeg","name":"migrants - François Pelletant","isPartOf":{"@id":"https://francois-pelletant.fr/blog/#website"},"datePublished":"2016-10-24T14:20:24+00:00","dateModified":"2016-10-24T14:20:48+00:00","breadcrumb":{"@id":"https://francois-pelletant.fr/blog/wp-content/uploads/2016/10/migrants.jpeg#breadcrumb"},"inLanguage":"fr-FR","potentialAction":[{"@type":"ReadAction","target":["https://francois-pelletant.fr/blog/wp-content/uploads/2016/10/migrants.jpeg"]}]},{"@type":"BreadcrumbList","@id":"https://francois-pelletant.fr/blog/wp-content/uploads/2016/10/migrants.jpeg#breadcrumb","itemListElement":[{"@type":"ListItem","position":1,"name":"Accueil","item":"https://francois-pelletant.fr/blog/"},{"@type":"ListItem","position":2,"name":"Les migrants parisiens transférés à Forges-les-Bains, ou l&#8217;exemple à ne pas suivre","item":"https://francois-pelletant.fr/blog/les-migrants-parisiens-transferes-a-forges-les-bains/"},{"@type":"ListItem","position":3,"name":"migrants"}]},{"@type":"WebSite","@id":"https://francois-pelletant.fr/blog/#website","url":"https://francois-pelletant.fr/blog/","name":"François Pelletant","description":"Maire de Linas, pour toujours.","publisher":{"@id":"https://francois-pelletant.fr/blog/#organization"},"potentialAction":[{"@type":"SearchAction","target":{"@type":"EntryPoint","urlTemplate":"https://francois-pelletant.fr/blog/?s={search_term_string}"},"query-input":{"@type":"PropertyValueSpecification","valueRequired":true,"valueName":"search_term_string"}}],"inLanguage":"fr-FR"},{"@type":"Organization","@id":"https://francois-pelletant.fr/blog/#organization","name":"François Pelletant","url":"https://francois-pelletant.fr/blog/","logo":{"@type":"ImageObject","inLanguage":"fr-FR","@id":"https://francois-pelletant.fr/blog/#/schema/logo/image/","url":"https://francois-pelletant.fr/blog/wp-content/uploads/2024/07/icone-francois-centre-500p.png","contentUrl":"https://francois-pelletant.fr/blog/wp-content/uploads/2024/07/icone-francois-centre-500p.png","width":559,"height":447,"caption":"François Pelletant"},"image":{"@id":"https://francois-pelletant.fr/blog/#/schema/logo/image/"},"sameAs":["https://www.facebook.com/francois.pelletant.7","https://x.com/pelletant"]}]}</script>
<!-- / Yoast SEO plugin. -->

migrants - François Pelletant

crédit photo ASSOCIATED PRESS

François Pelletant

Les migrants parisiens transférés à Forges-les-Bains, ou l&#8217;exemple à ne pas suivre

<p>crédit photo ASSOCIATED PRESS</p>
