{"id":13274,"date":"2020-06-24T15:27:23","date_gmt":"2020-06-24T15:27:23","guid":{"rendered":"https:\/\/francois-pelletant.fr\/blog\/?page_id=13274"},"modified":"2020-06-24T15:46:17","modified_gmt":"2020-06-24T15:46:17","slug":"me-rencontrer","status":"publish","type":"page","link":"https:\/\/francois-pelletant.fr\/blog\/me-rencontrer\/","title":{"rendered":"ME RENCONTRER"},"content":{"rendered":"<h2>Contact:<\/h2>\n<h6>\n\t\t\t\t\tPar courrier:<br \/>\n\t\t\t\t<\/h6>\n<p><b>Adresse personnelle :<\/b><br \/>\n49 rue Montvinet \u2013 91310 LINAS <br \/>\n<b>Mairie:<\/b><br \/>\n1 Place Ernest Pillon \u2013 91310 LINAS<\/p>\n<p>\t\t\t\t<a href=\"mailto:info@demolink.org\" target=\"_blank\" rel=\"nofollow\"><br \/>\n\t\t\t\t\t\t\t\t<\/a><\/p>\n<h6>\n\t\t\t\t\t<a href=\"mailto:info@demolink.org\" target=\"_blank\" rel=\"nofollow\">E-mail:<\/a><br \/>\n\t\t\t\t<\/h6>\n<p><a href=\"callto:#\" target=\"_blank\" rel=\"nofollow\">francois@pelletant.fr<\/a> ou dans le formulaire de contact ci-dessous.<\/p>\n<h2>Me voir :<\/h2>\n<h4><em>R\u00e9unions :<\/em><\/h4>\n<h4>Tous les mois j\u2019organise une r\u00e9union publique dans un caf\u00e9 afin de rendre compte de mon action et r\u00e9pondre \u00e0 vos questions.<\/h4>\n<p>\t\t\t\t\t\t\t\t\t\t<img loading=\"lazy\" decoding=\"async\" width=\"600\" height=\"240\" src=\"https:\/\/francois-pelletant.fr\/blog\/wp-content\/uploads\/2020\/06\/Croissants-Caf\u00e9-07-jan-2012-026.jpg\" alt=\"\" srcset=\"https:\/\/francois-pelletant.fr\/blog\/wp-content\/uploads\/2020\/06\/Croissants-Caf\u00e9-07-jan-2012-026.jpg 600w, https:\/\/francois-pelletant.fr\/blog\/wp-content\/uploads\/2020\/06\/Croissants-Caf\u00e9-07-jan-2012-026-300x120.jpg 300w\" sizes=\"auto, (max-width: 600px) 100vw, 600px\" \/>\t\t\t\t\t\t\t\t\t\t\t<\/p>\n<p>En place depuis plusieurs ann\u00e9es ces r\u00e9unions <em>Caf\u00e9-Croissants<\/em> ont un succ\u00e8s qui ne s\u2019est jamais d\u00e9menti. A chaque fois une trentaine de personnes participe et les \u00e9changes sont cordiaux et spontan\u00e9s.<\/p>\n<h4><em>Rendez-vous individuels :<\/em><\/h4>\n<h4>Tous les jours en Mairie de Linas :<\/h4>\n<p>\t\t\t\t\t\t\t\t\t\t<img loading=\"lazy\" decoding=\"async\" width=\"200\" height=\"300\" src=\"https:\/\/francois-pelletant.fr\/blog\/wp-content\/uploads\/2020\/06\/kevin2-200x300-1.jpg\" alt=\"\" \/>\t\t\t\t\t\t\t\t\t\t\t<\/p>\n<p>RdV \u00e0 prendre au 01 69 80 14 02<br \/>(c\u2019est K\u00e9vin ou Audrey, mes assistants, qui prennent les rendez-vous).<\/p>\n<h3>Formulaire de contact :<\/h3>\n<form action=\"\/blog\/wp-admin\/admin-ajax.php#wpcf7-f6728-o3\" method=\"post\" novalidate=\"novalidate\">\n<input type=\"hidden\" name=\"_wpcf7\" value=\"6728\" \/><br \/>\n<input type=\"hidden\" name=\"_wpcf7_version\" value=\"5.1.9\" \/><br \/>\n<input type=\"hidden\" name=\"_wpcf7_locale\" value=\"fr_FR\" \/><br \/>\n<input type=\"hidden\" name=\"_wpcf7_unit_tag\" value=\"wpcf7-f6728-o3\" \/><br \/>\n<input type=\"hidden\" name=\"_wpcf7_container_post\" value=\"0\" \/><\/p>\n<p>Votre nom (obligatoire)<br \/>\n    <input type=\"text\" name=\"your-name\" value=\"\" size=\"40\" aria-required=\"true\" aria-invalid=\"false\" \/> <\/p>\n<p>Votre email (obligatoire)<br \/>\n    <input type=\"email\" name=\"your-email\" value=\"\" size=\"40\" aria-required=\"true\" aria-invalid=\"false\" \/> <\/p>\n<p>Sujet<br \/>\n    <input type=\"text\" name=\"your-subject\" value=\"\" size=\"40\" aria-invalid=\"false\" \/> <\/p>\n<p>Votre message<br \/>\n    <textarea name=\"your-message\" cols=\"40\" rows=\"10\" aria-invalid=\"false\"><\/textarea> <\/p>\n<p><input type=\"submit\" value=\"Envoyer\" \/><\/p>\n<\/form>\n","protected":false},"excerpt":{"rendered":"<p>Contact: Par courrier: Adresse personnelle : 49 rue Montvinet \u2013 91310 LINAS Mairie: 1 Place Ernest Pillon \u2013 91310 LINAS E-mail: francois@pelletant.fr ou dans le formulaire de contact ci-dessous. Me voir : R\u00e9unions : Tous les mois j\u2019organise une r\u00e9union publique dans un caf\u00e9 afin de rendre compte de mon action et r\u00e9pondre \u00e0 vos [&hellip;]<\/p>\n","protected":false},"author":2,"featured_media":0,"parent":0,"menu_order":0,"comment_status":"closed","ping_status":"open","template":"","meta":{"footnotes":""},"class_list":["post-13274","page","type-page","status-publish","hentry"],"yoast_head":"<!-- This site is optimized with the Yoast SEO plugin v25.6 - https:\/\/yoast.com\/wordpress\/plugins\/seo\/ -->\n<title>ME RENCONTRER - Fran\u00e7ois Pelletant<\/title>\n<meta name=\"robots\" content=\"index, follow, max-snippet:-1, max-image-preview:large, max-video-preview:-1\" \/>\n<link rel=\"canonical\" href=\"https:\/\/francois-pelletant.fr\/blog\/me-rencontrer\/\" \/>\n<meta property=\"og:locale\" content=\"fr_FR\" \/>\n<meta property=\"og:type\" content=\"article\" \/>\n<meta property=\"og:title\" content=\"ME RENCONTRER - Fran\u00e7ois Pelletant\" \/>\n<meta property=\"og:description\" content=\"Contact: Par courrier: Adresse personnelle : 49 rue Montvinet \u2013 91310 LINAS Mairie: 1 Place Ernest Pillon \u2013 91310 LINAS E-mail: francois@pelletant.fr ou dans le formulaire de contact ci-dessous. Me voir : R\u00e9unions : Tous les mois j\u2019organise une r\u00e9union publique dans un caf\u00e9 afin de rendre compte de mon action et r\u00e9pondre \u00e0 vos [&hellip;]\" \/>\n<meta property=\"og:url\" content=\"https:\/\/francois-pelletant.fr\/blog\/me-rencontrer\/\" \/>\n<meta property=\"og:site_name\" content=\"Fran\u00e7ois Pelletant\" \/>\n<meta property=\"article:publisher\" content=\"https:\/\/www.facebook.com\/francois.pelletant.7\" \/>\n<meta property=\"article:modified_time\" content=\"2020-06-24T15:46:17+00:00\" \/>\n<meta property=\"og:image\" content=\"https:\/\/francois-pelletant.fr\/blog\/wp-content\/uploads\/2020\/06\/kevin2-200x300-1.jpg\" \/>\n<meta name=\"twitter:card\" content=\"summary_large_image\" \/>\n<meta name=\"twitter:site\" content=\"@pelletant\" \/>\n<meta name=\"twitter:label1\" content=\"Dur\u00e9e de lecture estim\u00e9e\" \/>\n\t<meta name=\"twitter:data1\" content=\"1 minute\" \/>\n<script type=\"application\/ld+json\" class=\"yoast-schema-graph\">{\"@context\":\"https:\/\/schema.org\",\"@graph\":[{\"@type\":\"WebPage\",\"@id\":\"https:\/\/francois-pelletant.fr\/blog\/me-rencontrer\/\",\"url\":\"https:\/\/francois-pelletant.fr\/blog\/me-rencontrer\/\",\"name\":\"ME RENCONTRER - Fran\u00e7ois Pelletant\",\"isPartOf\":{\"@id\":\"https:\/\/francois-pelletant.fr\/blog\/#website\"},\"primaryImageOfPage\":{\"@id\":\"https:\/\/francois-pelletant.fr\/blog\/me-rencontrer\/#primaryimage\"},\"image\":{\"@id\":\"https:\/\/francois-pelletant.fr\/blog\/me-rencontrer\/#primaryimage\"},\"thumbnailUrl\":\"https:\/\/francois-pelletant.fr\/blog\/wp-content\/uploads\/2020\/06\/kevin2-200x300-1.jpg\",\"datePublished\":\"2020-06-24T15:27:23+00:00\",\"dateModified\":\"2020-06-24T15:46:17+00:00\",\"breadcrumb\":{\"@id\":\"https:\/\/francois-pelletant.fr\/blog\/me-rencontrer\/#breadcrumb\"},\"inLanguage\":\"fr-FR\",\"potentialAction\":[{\"@type\":\"ReadAction\",\"target\":[\"https:\/\/francois-pelletant.fr\/blog\/me-rencontrer\/\"]}]},{\"@type\":\"ImageObject\",\"inLanguage\":\"fr-FR\",\"@id\":\"https:\/\/francois-pelletant.fr\/blog\/me-rencontrer\/#primaryimage\",\"url\":\"https:\/\/francois-pelletant.fr\/blog\/wp-content\/uploads\/2020\/06\/kevin2-200x300-1.jpg\",\"contentUrl\":\"https:\/\/francois-pelletant.fr\/blog\/wp-content\/uploads\/2020\/06\/kevin2-200x300-1.jpg\",\"width\":200,\"height\":300},{\"@type\":\"BreadcrumbList\",\"@id\":\"https:\/\/francois-pelletant.fr\/blog\/me-rencontrer\/#breadcrumb\",\"itemListElement\":[{\"@type\":\"ListItem\",\"position\":1,\"name\":\"Accueil\",\"item\":\"https:\/\/francois-pelletant.fr\/blog\/\"},{\"@type\":\"ListItem\",\"position\":2,\"name\":\"ME RENCONTRER\"}]},{\"@type\":\"WebSite\",\"@id\":\"https:\/\/francois-pelletant.fr\/blog\/#website\",\"url\":\"https:\/\/francois-pelletant.fr\/blog\/\",\"name\":\"Fran\u00e7ois Pelletant\",\"description\":\"Maire de Linas, pour toujours.\",\"publisher\":{\"@id\":\"https:\/\/francois-pelletant.fr\/blog\/#organization\"},\"potentialAction\":[{\"@type\":\"SearchAction\",\"target\":{\"@type\":\"EntryPoint\",\"urlTemplate\":\"https:\/\/francois-pelletant.fr\/blog\/?s={search_term_string}\"},\"query-input\":{\"@type\":\"PropertyValueSpecification\",\"valueRequired\":true,\"valueName\":\"search_term_string\"}}],\"inLanguage\":\"fr-FR\"},{\"@type\":\"Organization\",\"@id\":\"https:\/\/francois-pelletant.fr\/blog\/#organization\",\"name\":\"Fran\u00e7ois Pelletant\",\"url\":\"https:\/\/francois-pelletant.fr\/blog\/\",\"logo\":{\"@type\":\"ImageObject\",\"inLanguage\":\"fr-FR\",\"@id\":\"https:\/\/francois-pelletant.fr\/blog\/#\/schema\/logo\/image\/\",\"url\":\"https:\/\/francois-pelletant.fr\/blog\/wp-content\/uploads\/2024\/07\/icone-francois-centre-500p.png\",\"contentUrl\":\"https:\/\/francois-pelletant.fr\/blog\/wp-content\/uploads\/2024\/07\/icone-francois-centre-500p.png\",\"width\":559,\"height\":447,\"caption\":\"Fran\u00e7ois Pelletant\"},\"image\":{\"@id\":\"https:\/\/francois-pelletant.fr\/blog\/#\/schema\/logo\/image\/\"},\"sameAs\":[\"https:\/\/www.facebook.com\/francois.pelletant.7\",\"https:\/\/x.com\/pelletant\"]}]}<\/script>\n<!-- \/ Yoast SEO plugin. -->","yoast_head_json":{"title":"ME RENCONTRER - Fran\u00e7ois Pelletant","robots":{"index":"index","follow":"follow","max-snippet":"max-snippet:-1","max-image-preview":"max-image-preview:large","max-video-preview":"max-video-preview:-1"},"canonical":"https:\/\/francois-pelletant.fr\/blog\/me-rencontrer\/","og_locale":"fr_FR","og_type":"article","og_title":"ME RENCONTRER - Fran\u00e7ois Pelletant","og_description":"Contact: Par courrier: Adresse personnelle : 49 rue Montvinet \u2013 91310 LINAS Mairie: 1 Place Ernest Pillon \u2013 91310 LINAS E-mail: francois@pelletant.fr ou dans le formulaire de contact ci-dessous. Me voir : R\u00e9unions : Tous les mois j\u2019organise une r\u00e9union publique dans un caf\u00e9 afin de rendre compte de mon action et r\u00e9pondre \u00e0 vos [&hellip;]","og_url":"https:\/\/francois-pelletant.fr\/blog\/me-rencontrer\/","og_site_name":"Fran\u00e7ois Pelletant","article_publisher":"https:\/\/www.facebook.com\/francois.pelletant.7","article_modified_time":"2020-06-24T15:46:17+00:00","og_image":[{"url":"https:\/\/francois-pelletant.fr\/blog\/wp-content\/uploads\/2020\/06\/kevin2-200x300-1.jpg","type":"","width":"","height":""}],"twitter_card":"summary_large_image","twitter_site":"@pelletant","twitter_misc":{"Dur\u00e9e de lecture estim\u00e9e":"1 minute"},"schema":{"@context":"https:\/\/schema.org","@graph":[{"@type":"WebPage","@id":"https:\/\/francois-pelletant.fr\/blog\/me-rencontrer\/","url":"https:\/\/francois-pelletant.fr\/blog\/me-rencontrer\/","name":"ME RENCONTRER - Fran\u00e7ois Pelletant","isPartOf":{"@id":"https:\/\/francois-pelletant.fr\/blog\/#website"},"primaryImageOfPage":{"@id":"https:\/\/francois-pelletant.fr\/blog\/me-rencontrer\/#primaryimage"},"image":{"@id":"https:\/\/francois-pelletant.fr\/blog\/me-rencontrer\/#primaryimage"},"thumbnailUrl":"https:\/\/francois-pelletant.fr\/blog\/wp-content\/uploads\/2020\/06\/kevin2-200x300-1.jpg","datePublished":"2020-06-24T15:27:23+00:00","dateModified":"2020-06-24T15:46:17+00:00","breadcrumb":{"@id":"https:\/\/francois-pelletant.fr\/blog\/me-rencontrer\/#breadcrumb"},"inLanguage":"fr-FR","potentialAction":[{"@type":"ReadAction","target":["https:\/\/francois-pelletant.fr\/blog\/me-rencontrer\/"]}]},{"@type":"ImageObject","inLanguage":"fr-FR","@id":"https:\/\/francois-pelletant.fr\/blog\/me-rencontrer\/#primaryimage","url":"https:\/\/francois-pelletant.fr\/blog\/wp-content\/uploads\/2020\/06\/kevin2-200x300-1.jpg","contentUrl":"https:\/\/francois-pelletant.fr\/blog\/wp-content\/uploads\/2020\/06\/kevin2-200x300-1.jpg","width":200,"height":300},{"@type":"BreadcrumbList","@id":"https:\/\/francois-pelletant.fr\/blog\/me-rencontrer\/#breadcrumb","itemListElement":[{"@type":"ListItem","position":1,"name":"Accueil","item":"https:\/\/francois-pelletant.fr\/blog\/"},{"@type":"ListItem","position":2,"name":"ME RENCONTRER"}]},{"@type":"WebSite","@id":"https:\/\/francois-pelletant.fr\/blog\/#website","url":"https:\/\/francois-pelletant.fr\/blog\/","name":"Fran\u00e7ois Pelletant","description":"Maire de Linas, pour toujours.","publisher":{"@id":"https:\/\/francois-pelletant.fr\/blog\/#organization"},"potentialAction":[{"@type":"SearchAction","target":{"@type":"EntryPoint","urlTemplate":"https:\/\/francois-pelletant.fr\/blog\/?s={search_term_string}"},"query-input":{"@type":"PropertyValueSpecification","valueRequired":true,"valueName":"search_term_string"}}],"inLanguage":"fr-FR"},{"@type":"Organization","@id":"https:\/\/francois-pelletant.fr\/blog\/#organization","name":"Fran\u00e7ois Pelletant","url":"https:\/\/francois-pelletant.fr\/blog\/","logo":{"@type":"ImageObject","inLanguage":"fr-FR","@id":"https:\/\/francois-pelletant.fr\/blog\/#\/schema\/logo\/image\/","url":"https:\/\/francois-pelletant.fr\/blog\/wp-content\/uploads\/2024\/07\/icone-francois-centre-500p.png","contentUrl":"https:\/\/francois-pelletant.fr\/blog\/wp-content\/uploads\/2024\/07\/icone-francois-centre-500p.png","width":559,"height":447,"caption":"Fran\u00e7ois Pelletant"},"image":{"@id":"https:\/\/francois-pelletant.fr\/blog\/#\/schema\/logo\/image\/"},"sameAs":["https:\/\/www.facebook.com\/francois.pelletant.7","https:\/\/x.com\/pelletant"]}]}},"_links":{"self":[{"href":"https:\/\/francois-pelletant.fr\/blog\/wp-json\/wp\/v2\/pages\/13274","targetHints":{"allow":["GET"]}}],"collection":[{"href":"https:\/\/francois-pelletant.fr\/blog\/wp-json\/wp\/v2\/pages"}],"about":[{"href":"https:\/\/francois-pelletant.fr\/blog\/wp-json\/wp\/v2\/types\/page"}],"author":[{"embeddable":true,"href":"https:\/\/francois-pelletant.fr\/blog\/wp-json\/wp\/v2\/users\/2"}],"replies":[{"embeddable":true,"href":"https:\/\/francois-pelletant.fr\/blog\/wp-json\/wp\/v2\/comments?post=13274"}],"version-history":[{"count":0,"href":"https:\/\/francois-pelletant.fr\/blog\/wp-json\/wp\/v2\/pages\/13274\/revisions"}],"wp:attachment":[{"href":"https:\/\/francois-pelletant.fr\/blog\/wp-json\/wp\/v2\/media?parent=13274"}],"curies":[{"name":"wp","href":"https:\/\/api.w.org\/{rel}","templated":true}]}}