{"id":13425,"date":"2020-08-26T10:04:37","date_gmt":"2020-08-26T10:04:37","guid":{"rendered":"https:\/\/francois-pelletant.fr\/blog\/?page_id=13425"},"modified":"2023-04-19T10:07:17","modified_gmt":"2023-04-19T10:07:17","slug":"home-v5","status":"publish","type":"page","link":"https:\/\/francois-pelletant.fr\/blog\/home-v5\/","title":{"rendered":"Home V5 En travaux"},"content":{"rendered":"<h2>COMMUNIQUE DU 21 OCTOBRE 2022<\/h2>\n<p>Mesdames, Messieurs,<\/p>\n<p>Je viens clarifier une information que certains s&#8217;emploient, ces derniers jours, \u00e0 minimiser, contredire, voire d\u00e9former ou\u00a0dissimuler.<\/p>\n<p style=\"color: #222222; font-family: Arial, Helvetica, sans-serif; font-size: small;\">\u00a0<\/p>\n<p style=\"color: #222222; font-family: Arial, Helvetica, sans-serif; font-size: small;\"><strong>Le 13 septembre 2022,\u00a0 la Cour d&#8217;appel de Paris a pris\u00a0un\u00a0arr\u00eat annulant l&#8217;in\u00e9ligibilit\u00e9 dont j&#8217;\u00e9tais injustement frapp\u00e9 depuis 2020 et qui courait jusqu&#8217;en 2023.<\/strong><\/p>\n<p style=\"color: #222222; font-family: Arial, Helvetica, sans-serif; font-size: small;\"><strong>\u00a0<\/strong><\/p>\n<p style=\"color: #222222; font-family: Arial, Helvetica, sans-serif; font-size: small;\"><strong>La Cour a \u00e9galement effac\u00e9 toutes les condamnations qui \u00e9taient mentionn\u00e9es dans mon casier judiciaire en\u00a0lien\u00a0avec l&#8217;affaire du &#8220;bar associatif&#8221;. Mon casier est donc redevenu vierge comme il\u00a0l&#8217;\u00e9tait auparavant.<\/strong><\/p>\n<p style=\"color: #222222; font-family: Arial, Helvetica, sans-serif; font-size: small;\">\u00a0<\/p>\n<p style=\"color: #222222; font-family: Arial, Helvetica, sans-serif; font-size: small;\">Pour\u00a0\u00e9noncer\u00a0les choses simplement :\u00a0<\/p>\n<p style=\"color: #222222; font-family: Arial, Helvetica, sans-serif; font-size: small;\">\u00a0<\/p>\n<p style=\"color: #222222; font-family: Arial, Helvetica, sans-serif; font-size: small;\">S&#8217;il y avait des \u00e9lections aujourd&#8217;hui je pourrais m&#8217;y pr\u00e9senter.<\/p>\n<p style=\"color: #222222; font-family: Arial, Helvetica, sans-serif; font-size: small;\">\u00a0<\/p>\n<p style=\"color: #222222; font-family: Arial, Helvetica, sans-serif; font-size: small;\">Si cette d\u00e9cision \u00e9tait intervenue en 2020, je n&#8217;aurais pas d\u00e9missionn\u00e9 du mandat de Maire que les Linois m&#8217;avaient confi\u00e9 et la situation de Linas aujourd&#8217;hui ne serait pas la m\u00eame.<\/p>\n<p style=\"color: #222222; font-family: Arial, Helvetica, sans-serif; font-size: small;\">\u00a0<\/p>\n<p style=\"color: #222222; font-family: Arial, Helvetica, sans-serif; font-size: small;\">En extrapolant plus largement, si cette affaire du bar associatif n&#8217;avait pas d\u00e9stabilis\u00e9 la commune de Linas \u00e0 partir de 2015, Linas serait toujours une ville paisible, semi-rurale et dynamique.<\/p>\n<p style=\"color: #222222; font-family: Arial, Helvetica, sans-serif; font-size: small;\">\u00a0<\/p>\n<p style=\"color: #222222; font-family: Arial, Helvetica, sans-serif; font-size: small;\">Je pr\u00e9cise que cette d\u00e9cision de justice du 13 septembre 2022\u00a0a \u00e9t\u00e9 rendue \u00e0 ma demande. Pour justifier\u00a0ma requ\u00eate,\u00a0 j&#8217;ai d\u00e9velopp\u00e9 deux points qui figurent par \u00e9crit sur le m\u00e9moire de mon avocat et sont cit\u00e9s par la Cour\u00a0d&#8217;appel dans son arr\u00eat. Les voici ci-apr\u00e8s :<\/p>\n<p style=\"color: #222222; font-family: Arial, Helvetica, sans-serif; font-size: small;\"><strong>&#8211; Il s&#8217;est av\u00e9r\u00e9, \u00e0 la suite de t\u00e9moignages, que l&#8217;enqu\u00eate de police qui m&#8217;avait mis en cause \u00e9tait fauss\u00e9e.<br \/><\/strong><\/p>\n<p style=\"color: #222222; font-family: Arial, Helvetica, sans-serif; font-size: small;\"><strong>&#8211; Ma condamnation en 2020 avait eu pour cons\u00e9quences de d\u00e9truire ma vie personnelle ainsi que\u00a0mon parcours\u00a0professionnel et ruiner\u00a0ma famille.\u00a0<\/strong><\/p>\n<p style=\"color: #222222; font-family: Arial, Helvetica, sans-serif; font-size: small;\">\u00a0<\/p>\n<p style=\"color: #222222; font-family: Arial, Helvetica, sans-serif; font-size: small;\">Quelles seront\u00a0les suites de cette d\u00e9cision ?<\/p>\n<p style=\"color: #222222; font-family: Arial, Helvetica, sans-serif; font-size: small;\">&#8211; Pour obtenir l&#8217;annulation des condamnations p\u00e9cuniaires et autres, puis \u00eatre rembours\u00e9 (74 k\u20ac), je dois\u00a0mettre en place\u00a0une autre proc\u00e9dure qui va prendre plusieurs ann\u00e9es.<\/p>\n<p style=\"color: #222222; font-family: Arial, Helvetica, sans-serif; font-size: small;\">&#8211; Pour obtenir la sanction des policiers &#8220;non neutres&#8221; m&#8217;ayant mis en cause,\u00a0 je dois\u00a0constituer\u00a0 un nouveau d\u00e9p\u00f4t de plainte aupr\u00e8s du Procureur de la R\u00e9publique comme me le sugg\u00e8re l&#8217;IGPN apr\u00e8s avoir enqu\u00eat\u00e9 sur cette affaire.<\/p>\n<p style=\"color: #222222; font-family: Arial, Helvetica, sans-serif; font-size: small;\">-Tout le pilonnage judiciaire (3 gardes \u00e0 vue, 5 perquisitions et une vingtaine de plaintes)\u00a0 qui a \u00e9t\u00e9 intent\u00e9 contre moi pendant la m\u00eame p\u00e9riode, sans jamais me mettre s\u00e9rieusement en cause,\u00a0 est d\u00e9finitivement d\u00e9cr\u00e9dibilis\u00e9. Cela vaut pour les proc\u00e9dures tent\u00e9es contre moi apr\u00e8s 2020 par l&#8217;opposant devenu nouveau Maire de Linas et utilisant les deniers de la commune.<\/p>\n<p style=\"color: #222222; font-family: Arial, Helvetica, sans-serif; font-size: small;\">\u00a0<\/p>\n<p style=\"color: #222222; font-family: Arial, Helvetica, sans-serif; font-size: small;\">Mon avis et \u00e9tat d&#8217;esprit :<\/p>\n<p style=\"color: #222222; font-family: Arial, Helvetica, sans-serif; font-size: small;\">Bien s\u00fbr,\u00a0 on ne peut que se r\u00e9jouir de cette conclusion positive, m\u00eame si l&#8217;on peut\u00a0d\u00e9plorer\u00a0que cela arrive trop tard pour que Linas ne subisse pas les bouleversements que\u00a0ce climat d\u00e9l\u00e9t\u00e8re a cr\u00e9\u00e9s sur le plan politique.\u00a0Les Linois peuvent au moins se satisfaire que cela ait permis de r\u00e9v\u00e9ler la v\u00e9ritable personnalit\u00e9 des individus qui ont profit\u00e9 ou tent\u00e9 de profiter de tout ce\u00a0chaos. Les Linois peuvent dire qu&#8217;ils ont vu de pr\u00e8s le visage de la traitrise, du mensonge, de la haine et il savent maintenant qui sont les bons et qui sont les\u00a0profiteurs.<\/p>\n<p style=\"color: #222222; font-family: Arial, Helvetica, sans-serif; font-size: small;\">\u00a0<\/p>\n<p style=\"color: #222222; font-family: Arial, Helvetica, sans-serif; font-size: small;\">Fran\u00e7ois PELLETANT<\/p>\n<p style=\"color: #222222; font-family: Arial, Helvetica, sans-serif; font-size: small;\">Les pi\u00e8ces concernant cette affaire sont disponibles par email.<\/p>\n<p>\t\t\t\t\t\t\t\t\t\t<img loading=\"lazy\" decoding=\"async\" width=\"300\" height=\"300\" src=\"https:\/\/francois-pelletant.fr\/blog\/wp-content\/uploads\/2023\/04\/fp-compss-300x300.png\" alt=\"Maire de Linas Fran\u00e7ois PELLETANT - R\u00e9abilitation\" srcset=\"https:\/\/francois-pelletant.fr\/blog\/wp-content\/uploads\/2023\/04\/fp-compss-300x300.png 300w, https:\/\/francois-pelletant.fr\/blog\/wp-content\/uploads\/2023\/04\/fp-compss-150x150.png 150w, https:\/\/francois-pelletant.fr\/blog\/wp-content\/uploads\/2023\/04\/fp-compss-230x230.png 230w, https:\/\/francois-pelletant.fr\/blog\/wp-content\/uploads\/2023\/04\/fp-compss-400x400.png 400w, https:\/\/francois-pelletant.fr\/blog\/wp-content\/uploads\/2023\/04\/fp-compss.png 499w\" sizes=\"auto, (max-width: 300px) 100vw, 300px\" \/>\t\t\t\t\t\t\t\t\t\t\t<\/p>\n<h2>Ce site est en reconstruction, Merci de votre patience<\/h2>\n<p>\t\t\t\t\t\t\t\t\t\t<img loading=\"lazy\" decoding=\"async\" width=\"768\" height=\"1024\" src=\"https:\/\/francois-pelletant.fr\/blog\/wp-content\/uploads\/2019\/07\/IMG_8109-768x1024.jpg\" alt=\"\" srcset=\"https:\/\/francois-pelletant.fr\/blog\/wp-content\/uploads\/2019\/07\/IMG_8109-768x1024.jpg 768w, https:\/\/francois-pelletant.fr\/blog\/wp-content\/uploads\/2019\/07\/IMG_8109-225x300.jpg 225w, https:\/\/francois-pelletant.fr\/blog\/wp-content\/uploads\/2019\/07\/IMG_8109-600x800.jpg 600w, https:\/\/francois-pelletant.fr\/blog\/wp-content\/uploads\/2019\/07\/IMG_8109-1152x1536.jpg 1152w, https:\/\/francois-pelletant.fr\/blog\/wp-content\/uploads\/2019\/07\/IMG_8109.jpg 1488w\" sizes=\"auto, (max-width: 768px) 100vw, 768px\" \/><\/p>\n","protected":false},"excerpt":{"rendered":"<p>COMMUNIQUE DU 21 OCTOBRE 2022 Mesdames, Messieurs, Je viens clarifier une information que certains s&#8217;emploient, ces derniers jours, \u00e0 minimiser, contredire, voire d\u00e9former ou\u00a0dissimuler. \u00a0 Le 13 septembre 2022,\u00a0 la Cour d&#8217;appel de Paris a pris\u00a0un\u00a0arr\u00eat annulant l&#8217;in\u00e9ligibilit\u00e9 dont j&#8217;\u00e9tais injustement frapp\u00e9 depuis 2020 et qui courait jusqu&#8217;en 2023. \u00a0 La Cour a \u00e9galement effac\u00e9 [&hellip;]<\/p>\n","protected":false},"author":1,"featured_media":0,"parent":0,"menu_order":0,"comment_status":"closed","ping_status":"closed","template":"elementor_header_footer","meta":{"footnotes":""},"class_list":["post-13425","page","type-page","status-publish","hentry"],"yoast_head":"<!-- This site is optimized with the Yoast SEO plugin v25.6 - https:\/\/yoast.com\/wordpress\/plugins\/seo\/ -->\n<title>Home V5 En travaux - Fran\u00e7ois Pelletant<\/title>\n<meta name=\"robots\" content=\"index, follow, max-snippet:-1, max-image-preview:large, max-video-preview:-1\" \/>\n<link rel=\"canonical\" href=\"https:\/\/francois-pelletant.fr\/blog\/home-v5\/\" \/>\n<meta property=\"og:locale\" content=\"fr_FR\" \/>\n<meta property=\"og:type\" content=\"article\" \/>\n<meta property=\"og:title\" content=\"Home V5 En travaux - Fran\u00e7ois Pelletant\" \/>\n<meta property=\"og:description\" content=\"COMMUNIQUE DU 21 OCTOBRE 2022 Mesdames, Messieurs, Je viens clarifier une information que certains s&#8217;emploient, ces derniers jours, \u00e0 minimiser, contredire, voire d\u00e9former ou\u00a0dissimuler. \u00a0 Le 13 septembre 2022,\u00a0 la Cour d&#8217;appel de Paris a pris\u00a0un\u00a0arr\u00eat annulant l&#8217;in\u00e9ligibilit\u00e9 dont j&#8217;\u00e9tais injustement frapp\u00e9 depuis 2020 et qui courait jusqu&#8217;en 2023. \u00a0 La Cour a \u00e9galement effac\u00e9 [&hellip;]\" \/>\n<meta property=\"og:url\" content=\"https:\/\/francois-pelletant.fr\/blog\/home-v5\/\" \/>\n<meta property=\"og:site_name\" content=\"Fran\u00e7ois Pelletant\" \/>\n<meta property=\"article:publisher\" content=\"https:\/\/www.facebook.com\/francois.pelletant.7\" \/>\n<meta property=\"article:modified_time\" content=\"2023-04-19T10:07:17+00:00\" \/>\n<meta property=\"og:image\" content=\"https:\/\/francois-pelletant.fr\/blog\/wp-content\/uploads\/2023\/04\/fp-compss-300x300.png\" \/>\n<meta name=\"twitter:card\" content=\"summary_large_image\" \/>\n<meta name=\"twitter:site\" content=\"@pelletant\" \/>\n<meta name=\"twitter:label1\" content=\"Dur\u00e9e de lecture estim\u00e9e\" \/>\n\t<meta name=\"twitter:data1\" content=\"3 minutes\" \/>\n<script type=\"application\/ld+json\" class=\"yoast-schema-graph\">{\"@context\":\"https:\/\/schema.org\",\"@graph\":[{\"@type\":\"WebPage\",\"@id\":\"https:\/\/francois-pelletant.fr\/blog\/home-v5\/\",\"url\":\"https:\/\/francois-pelletant.fr\/blog\/home-v5\/\",\"name\":\"Home V5 En travaux - Fran\u00e7ois Pelletant\",\"isPartOf\":{\"@id\":\"https:\/\/francois-pelletant.fr\/blog\/#website\"},\"primaryImageOfPage\":{\"@id\":\"https:\/\/francois-pelletant.fr\/blog\/home-v5\/#primaryimage\"},\"image\":{\"@id\":\"https:\/\/francois-pelletant.fr\/blog\/home-v5\/#primaryimage\"},\"thumbnailUrl\":\"https:\/\/francois-pelletant.fr\/blog\/wp-content\/uploads\/2023\/04\/fp-compss-300x300.png\",\"datePublished\":\"2020-08-26T10:04:37+00:00\",\"dateModified\":\"2023-04-19T10:07:17+00:00\",\"breadcrumb\":{\"@id\":\"https:\/\/francois-pelletant.fr\/blog\/home-v5\/#breadcrumb\"},\"inLanguage\":\"fr-FR\",\"potentialAction\":[{\"@type\":\"ReadAction\",\"target\":[\"https:\/\/francois-pelletant.fr\/blog\/home-v5\/\"]}]},{\"@type\":\"ImageObject\",\"inLanguage\":\"fr-FR\",\"@id\":\"https:\/\/francois-pelletant.fr\/blog\/home-v5\/#primaryimage\",\"url\":\"https:\/\/francois-pelletant.fr\/blog\/wp-content\/uploads\/2023\/04\/fp-compss.png\",\"contentUrl\":\"https:\/\/francois-pelletant.fr\/blog\/wp-content\/uploads\/2023\/04\/fp-compss.png\",\"width\":499,\"height\":499,\"caption\":\"Fran\u00e7ois PELLETANT\"},{\"@type\":\"BreadcrumbList\",\"@id\":\"https:\/\/francois-pelletant.fr\/blog\/home-v5\/#breadcrumb\",\"itemListElement\":[{\"@type\":\"ListItem\",\"position\":1,\"name\":\"Accueil\",\"item\":\"https:\/\/francois-pelletant.fr\/blog\/\"},{\"@type\":\"ListItem\",\"position\":2,\"name\":\"Home V5 En travaux\"}]},{\"@type\":\"WebSite\",\"@id\":\"https:\/\/francois-pelletant.fr\/blog\/#website\",\"url\":\"https:\/\/francois-pelletant.fr\/blog\/\",\"name\":\"Fran\u00e7ois Pelletant\",\"description\":\"Maire de Linas, pour toujours.\",\"publisher\":{\"@id\":\"https:\/\/francois-pelletant.fr\/blog\/#organization\"},\"potentialAction\":[{\"@type\":\"SearchAction\",\"target\":{\"@type\":\"EntryPoint\",\"urlTemplate\":\"https:\/\/francois-pelletant.fr\/blog\/?s={search_term_string}\"},\"query-input\":{\"@type\":\"PropertyValueSpecification\",\"valueRequired\":true,\"valueName\":\"search_term_string\"}}],\"inLanguage\":\"fr-FR\"},{\"@type\":\"Organization\",\"@id\":\"https:\/\/francois-pelletant.fr\/blog\/#organization\",\"name\":\"Fran\u00e7ois Pelletant\",\"url\":\"https:\/\/francois-pelletant.fr\/blog\/\",\"logo\":{\"@type\":\"ImageObject\",\"inLanguage\":\"fr-FR\",\"@id\":\"https:\/\/francois-pelletant.fr\/blog\/#\/schema\/logo\/image\/\",\"url\":\"https:\/\/francois-pelletant.fr\/blog\/wp-content\/uploads\/2024\/07\/icone-francois-centre-500p.png\",\"contentUrl\":\"https:\/\/francois-pelletant.fr\/blog\/wp-content\/uploads\/2024\/07\/icone-francois-centre-500p.png\",\"width\":559,\"height\":447,\"caption\":\"Fran\u00e7ois Pelletant\"},\"image\":{\"@id\":\"https:\/\/francois-pelletant.fr\/blog\/#\/schema\/logo\/image\/\"},\"sameAs\":[\"https:\/\/www.facebook.com\/francois.pelletant.7\",\"https:\/\/x.com\/pelletant\"]}]}<\/script>\n<!-- \/ Yoast SEO plugin. -->","yoast_head_json":{"title":"Home V5 En travaux - Fran\u00e7ois Pelletant","robots":{"index":"index","follow":"follow","max-snippet":"max-snippet:-1","max-image-preview":"max-image-preview:large","max-video-preview":"max-video-preview:-1"},"canonical":"https:\/\/francois-pelletant.fr\/blog\/home-v5\/","og_locale":"fr_FR","og_type":"article","og_title":"Home V5 En travaux - Fran\u00e7ois Pelletant","og_description":"COMMUNIQUE DU 21 OCTOBRE 2022 Mesdames, Messieurs, Je viens clarifier une information que certains s&#8217;emploient, ces derniers jours, \u00e0 minimiser, contredire, voire d\u00e9former ou\u00a0dissimuler. \u00a0 Le 13 septembre 2022,\u00a0 la Cour d&#8217;appel de Paris a pris\u00a0un\u00a0arr\u00eat annulant l&#8217;in\u00e9ligibilit\u00e9 dont j&#8217;\u00e9tais injustement frapp\u00e9 depuis 2020 et qui courait jusqu&#8217;en 2023. \u00a0 La Cour a \u00e9galement effac\u00e9 [&hellip;]","og_url":"https:\/\/francois-pelletant.fr\/blog\/home-v5\/","og_site_name":"Fran\u00e7ois Pelletant","article_publisher":"https:\/\/www.facebook.com\/francois.pelletant.7","article_modified_time":"2023-04-19T10:07:17+00:00","og_image":[{"url":"https:\/\/francois-pelletant.fr\/blog\/wp-content\/uploads\/2023\/04\/fp-compss-300x300.png","type":"","width":"","height":""}],"twitter_card":"summary_large_image","twitter_site":"@pelletant","twitter_misc":{"Dur\u00e9e de lecture estim\u00e9e":"3 minutes"},"schema":{"@context":"https:\/\/schema.org","@graph":[{"@type":"WebPage","@id":"https:\/\/francois-pelletant.fr\/blog\/home-v5\/","url":"https:\/\/francois-pelletant.fr\/blog\/home-v5\/","name":"Home V5 En travaux - Fran\u00e7ois Pelletant","isPartOf":{"@id":"https:\/\/francois-pelletant.fr\/blog\/#website"},"primaryImageOfPage":{"@id":"https:\/\/francois-pelletant.fr\/blog\/home-v5\/#primaryimage"},"image":{"@id":"https:\/\/francois-pelletant.fr\/blog\/home-v5\/#primaryimage"},"thumbnailUrl":"https:\/\/francois-pelletant.fr\/blog\/wp-content\/uploads\/2023\/04\/fp-compss-300x300.png","datePublished":"2020-08-26T10:04:37+00:00","dateModified":"2023-04-19T10:07:17+00:00","breadcrumb":{"@id":"https:\/\/francois-pelletant.fr\/blog\/home-v5\/#breadcrumb"},"inLanguage":"fr-FR","potentialAction":[{"@type":"ReadAction","target":["https:\/\/francois-pelletant.fr\/blog\/home-v5\/"]}]},{"@type":"ImageObject","inLanguage":"fr-FR","@id":"https:\/\/francois-pelletant.fr\/blog\/home-v5\/#primaryimage","url":"https:\/\/francois-pelletant.fr\/blog\/wp-content\/uploads\/2023\/04\/fp-compss.png","contentUrl":"https:\/\/francois-pelletant.fr\/blog\/wp-content\/uploads\/2023\/04\/fp-compss.png","width":499,"height":499,"caption":"Fran\u00e7ois PELLETANT"},{"@type":"BreadcrumbList","@id":"https:\/\/francois-pelletant.fr\/blog\/home-v5\/#breadcrumb","itemListElement":[{"@type":"ListItem","position":1,"name":"Accueil","item":"https:\/\/francois-pelletant.fr\/blog\/"},{"@type":"ListItem","position":2,"name":"Home V5 En travaux"}]},{"@type":"WebSite","@id":"https:\/\/francois-pelletant.fr\/blog\/#website","url":"https:\/\/francois-pelletant.fr\/blog\/","name":"Fran\u00e7ois Pelletant","description":"Maire de Linas, pour toujours.","publisher":{"@id":"https:\/\/francois-pelletant.fr\/blog\/#organization"},"potentialAction":[{"@type":"SearchAction","target":{"@type":"EntryPoint","urlTemplate":"https:\/\/francois-pelletant.fr\/blog\/?s={search_term_string}"},"query-input":{"@type":"PropertyValueSpecification","valueRequired":true,"valueName":"search_term_string"}}],"inLanguage":"fr-FR"},{"@type":"Organization","@id":"https:\/\/francois-pelletant.fr\/blog\/#organization","name":"Fran\u00e7ois Pelletant","url":"https:\/\/francois-pelletant.fr\/blog\/","logo":{"@type":"ImageObject","inLanguage":"fr-FR","@id":"https:\/\/francois-pelletant.fr\/blog\/#\/schema\/logo\/image\/","url":"https:\/\/francois-pelletant.fr\/blog\/wp-content\/uploads\/2024\/07\/icone-francois-centre-500p.png","contentUrl":"https:\/\/francois-pelletant.fr\/blog\/wp-content\/uploads\/2024\/07\/icone-francois-centre-500p.png","width":559,"height":447,"caption":"Fran\u00e7ois Pelletant"},"image":{"@id":"https:\/\/francois-pelletant.fr\/blog\/#\/schema\/logo\/image\/"},"sameAs":["https:\/\/www.facebook.com\/francois.pelletant.7","https:\/\/x.com\/pelletant"]}]}},"_links":{"self":[{"href":"https:\/\/francois-pelletant.fr\/blog\/wp-json\/wp\/v2\/pages\/13425","targetHints":{"allow":["GET"]}}],"collection":[{"href":"https:\/\/francois-pelletant.fr\/blog\/wp-json\/wp\/v2\/pages"}],"about":[{"href":"https:\/\/francois-pelletant.fr\/blog\/wp-json\/wp\/v2\/types\/page"}],"author":[{"embeddable":true,"href":"https:\/\/francois-pelletant.fr\/blog\/wp-json\/wp\/v2\/users\/1"}],"replies":[{"embeddable":true,"href":"https:\/\/francois-pelletant.fr\/blog\/wp-json\/wp\/v2\/comments?post=13425"}],"version-history":[{"count":0,"href":"https:\/\/francois-pelletant.fr\/blog\/wp-json\/wp\/v2\/pages\/13425\/revisions"}],"wp:attachment":[{"href":"https:\/\/francois-pelletant.fr\/blog\/wp-json\/wp\/v2\/media?parent=13425"}],"curies":[{"name":"wp","href":"https:\/\/api.w.org\/{rel}","templated":true}]}}