{"id":210,"date":"2011-10-26T14:02:12","date_gmt":"2011-10-26T14:02:12","guid":{"rendered":"https:\/\/francois-pelletant.fr\/blog\/?page_id=210"},"modified":"2020-03-13T11:08:31","modified_gmt":"2020-03-13T11:08:31","slug":"sortir-ce-we","status":"publish","type":"page","link":"https:\/\/francois-pelletant.fr\/blog\/sortir-ce-we\/","title":{"rendered":"Les manifestations du Week End"},"content":{"rendered":"<p><img loading=\"lazy\" decoding=\"async\" class=\"alignnone size-full wp-image-1462\" title=\"sorties_ban\" src=\"https:\/\/francois-pelletant.fr\/blog\/wp-content\/uploads\/2011\/10\/sorties_ban.jpg\" alt=\"\" width=\"620\" height=\"120\" srcset=\"https:\/\/francois-pelletant.fr\/blog\/wp-content\/uploads\/2011\/10\/sorties_ban.jpg 620w, https:\/\/francois-pelletant.fr\/blog\/wp-content\/uploads\/2011\/10\/sorties_ban-300x58.jpg 300w\" sizes=\"auto, (max-width: 620px) 100vw, 620px\" \/><\/p>\n<h2>Samedi 14 mars 2020<\/h2>\n<ul>\n<li>En raison de l&#8217;\u00e9pid\u00e9mie de Coronavirus, de nombreux \u00e9v\u00e9nements sont report\u00e9s ou annul\u00e9s. Retrouvez prochainement la liste des manifestations dans cette rubrique.<\/li>\n<\/ul>\n<h2>Dimanche 15 mars 2020<\/h2>\n<ul>\n<li>Elections municipales de 8h00 \u00e0 20h00 dans les bureaux de vote<\/li>\n<\/ul>\n","protected":false},"excerpt":{"rendered":"<p>Samedi 14 mars 2020 En raison de l&#8217;\u00e9pid\u00e9mie de Coronavirus, de nombreux \u00e9v\u00e9nements sont report\u00e9s ou annul\u00e9s. Retrouvez prochainement la liste des manifestations dans cette rubrique. Dimanche 15 mars 2020 Elections municipales de 8h00 \u00e0 20h00 dans les bureaux de vote<\/p>\n","protected":false},"author":1,"featured_media":0,"parent":0,"menu_order":0,"comment_status":"closed","ping_status":"closed","template":"","meta":{"footnotes":""},"class_list":["post-210","page","type-page","status-publish","hentry"],"yoast_head":"<!-- This site is optimized with the Yoast SEO plugin v25.6 - https:\/\/yoast.com\/wordpress\/plugins\/seo\/ -->\n<title>Les manifestations du Week End - Fran\u00e7ois Pelletant<\/title>\n<meta name=\"robots\" content=\"index, follow, max-snippet:-1, max-image-preview:large, max-video-preview:-1\" \/>\n<link rel=\"canonical\" href=\"https:\/\/francois-pelletant.fr\/blog\/sortir-ce-we\/\" \/>\n<meta property=\"og:locale\" content=\"fr_FR\" \/>\n<meta property=\"og:type\" content=\"article\" \/>\n<meta property=\"og:title\" content=\"Les manifestations du Week End - Fran\u00e7ois Pelletant\" \/>\n<meta property=\"og:description\" content=\"Samedi 14 mars 2020 En raison de l&#8217;\u00e9pid\u00e9mie de Coronavirus, de nombreux \u00e9v\u00e9nements sont report\u00e9s ou annul\u00e9s. Retrouvez prochainement la liste des manifestations dans cette rubrique. Dimanche 15 mars 2020 Elections municipales de 8h00 \u00e0 20h00 dans les bureaux de vote\" \/>\n<meta property=\"og:url\" content=\"https:\/\/francois-pelletant.fr\/blog\/sortir-ce-we\/\" \/>\n<meta property=\"og:site_name\" content=\"Fran\u00e7ois Pelletant\" \/>\n<meta property=\"article:publisher\" content=\"https:\/\/www.facebook.com\/francois.pelletant.7\" \/>\n<meta property=\"article:modified_time\" content=\"2020-03-13T11:08:31+00:00\" \/>\n<meta property=\"og:image\" content=\"https:\/\/francois-pelletant.fr\/blog\/wp-content\/uploads\/2011\/10\/sorties_ban.jpg\" \/>\n<meta name=\"twitter:card\" content=\"summary_large_image\" \/>\n<meta name=\"twitter:site\" content=\"@pelletant\" \/>\n<script type=\"application\/ld+json\" class=\"yoast-schema-graph\">{\"@context\":\"https:\/\/schema.org\",\"@graph\":[{\"@type\":\"WebPage\",\"@id\":\"https:\/\/francois-pelletant.fr\/blog\/sortir-ce-we\/\",\"url\":\"https:\/\/francois-pelletant.fr\/blog\/sortir-ce-we\/\",\"name\":\"Les manifestations du Week End - Fran\u00e7ois Pelletant\",\"isPartOf\":{\"@id\":\"https:\/\/francois-pelletant.fr\/blog\/#website\"},\"primaryImageOfPage\":{\"@id\":\"https:\/\/francois-pelletant.fr\/blog\/sortir-ce-we\/#primaryimage\"},\"image\":{\"@id\":\"https:\/\/francois-pelletant.fr\/blog\/sortir-ce-we\/#primaryimage\"},\"thumbnailUrl\":\"https:\/\/francois-pelletant.fr\/blog\/wp-content\/uploads\/2011\/10\/sorties_ban.jpg\",\"datePublished\":\"2011-10-26T14:02:12+00:00\",\"dateModified\":\"2020-03-13T11:08:31+00:00\",\"breadcrumb\":{\"@id\":\"https:\/\/francois-pelletant.fr\/blog\/sortir-ce-we\/#breadcrumb\"},\"inLanguage\":\"fr-FR\",\"potentialAction\":[{\"@type\":\"ReadAction\",\"target\":[\"https:\/\/francois-pelletant.fr\/blog\/sortir-ce-we\/\"]}]},{\"@type\":\"ImageObject\",\"inLanguage\":\"fr-FR\",\"@id\":\"https:\/\/francois-pelletant.fr\/blog\/sortir-ce-we\/#primaryimage\",\"url\":\"https:\/\/francois-pelletant.fr\/blog\/wp-content\/uploads\/2011\/10\/sorties_ban.jpg\",\"contentUrl\":\"https:\/\/francois-pelletant.fr\/blog\/wp-content\/uploads\/2011\/10\/sorties_ban.jpg\",\"width\":620,\"height\":120},{\"@type\":\"BreadcrumbList\",\"@id\":\"https:\/\/francois-pelletant.fr\/blog\/sortir-ce-we\/#breadcrumb\",\"itemListElement\":[{\"@type\":\"ListItem\",\"position\":1,\"name\":\"Accueil\",\"item\":\"https:\/\/francois-pelletant.fr\/blog\/\"},{\"@type\":\"ListItem\",\"position\":2,\"name\":\"Les manifestations du Week End\"}]},{\"@type\":\"WebSite\",\"@id\":\"https:\/\/francois-pelletant.fr\/blog\/#website\",\"url\":\"https:\/\/francois-pelletant.fr\/blog\/\",\"name\":\"Fran\u00e7ois Pelletant\",\"description\":\"Maire de Linas, pour toujours.\",\"publisher\":{\"@id\":\"https:\/\/francois-pelletant.fr\/blog\/#organization\"},\"potentialAction\":[{\"@type\":\"SearchAction\",\"target\":{\"@type\":\"EntryPoint\",\"urlTemplate\":\"https:\/\/francois-pelletant.fr\/blog\/?s={search_term_string}\"},\"query-input\":{\"@type\":\"PropertyValueSpecification\",\"valueRequired\":true,\"valueName\":\"search_term_string\"}}],\"inLanguage\":\"fr-FR\"},{\"@type\":\"Organization\",\"@id\":\"https:\/\/francois-pelletant.fr\/blog\/#organization\",\"name\":\"Fran\u00e7ois Pelletant\",\"url\":\"https:\/\/francois-pelletant.fr\/blog\/\",\"logo\":{\"@type\":\"ImageObject\",\"inLanguage\":\"fr-FR\",\"@id\":\"https:\/\/francois-pelletant.fr\/blog\/#\/schema\/logo\/image\/\",\"url\":\"https:\/\/francois-pelletant.fr\/blog\/wp-content\/uploads\/2024\/07\/icone-francois-centre-500p.png\",\"contentUrl\":\"https:\/\/francois-pelletant.fr\/blog\/wp-content\/uploads\/2024\/07\/icone-francois-centre-500p.png\",\"width\":559,\"height\":447,\"caption\":\"Fran\u00e7ois Pelletant\"},\"image\":{\"@id\":\"https:\/\/francois-pelletant.fr\/blog\/#\/schema\/logo\/image\/\"},\"sameAs\":[\"https:\/\/www.facebook.com\/francois.pelletant.7\",\"https:\/\/x.com\/pelletant\"]}]}<\/script>\n<!-- \/ Yoast SEO plugin. -->","yoast_head_json":{"title":"Les manifestations du Week End - Fran\u00e7ois Pelletant","robots":{"index":"index","follow":"follow","max-snippet":"max-snippet:-1","max-image-preview":"max-image-preview:large","max-video-preview":"max-video-preview:-1"},"canonical":"https:\/\/francois-pelletant.fr\/blog\/sortir-ce-we\/","og_locale":"fr_FR","og_type":"article","og_title":"Les manifestations du Week End - Fran\u00e7ois Pelletant","og_description":"Samedi 14 mars 2020 En raison de l&#8217;\u00e9pid\u00e9mie de Coronavirus, de nombreux \u00e9v\u00e9nements sont report\u00e9s ou annul\u00e9s. Retrouvez prochainement la liste des manifestations dans cette rubrique. Dimanche 15 mars 2020 Elections municipales de 8h00 \u00e0 20h00 dans les bureaux de vote","og_url":"https:\/\/francois-pelletant.fr\/blog\/sortir-ce-we\/","og_site_name":"Fran\u00e7ois Pelletant","article_publisher":"https:\/\/www.facebook.com\/francois.pelletant.7","article_modified_time":"2020-03-13T11:08:31+00:00","og_image":[{"url":"https:\/\/francois-pelletant.fr\/blog\/wp-content\/uploads\/2011\/10\/sorties_ban.jpg","type":"","width":"","height":""}],"twitter_card":"summary_large_image","twitter_site":"@pelletant","schema":{"@context":"https:\/\/schema.org","@graph":[{"@type":"WebPage","@id":"https:\/\/francois-pelletant.fr\/blog\/sortir-ce-we\/","url":"https:\/\/francois-pelletant.fr\/blog\/sortir-ce-we\/","name":"Les manifestations du Week End - Fran\u00e7ois Pelletant","isPartOf":{"@id":"https:\/\/francois-pelletant.fr\/blog\/#website"},"primaryImageOfPage":{"@id":"https:\/\/francois-pelletant.fr\/blog\/sortir-ce-we\/#primaryimage"},"image":{"@id":"https:\/\/francois-pelletant.fr\/blog\/sortir-ce-we\/#primaryimage"},"thumbnailUrl":"https:\/\/francois-pelletant.fr\/blog\/wp-content\/uploads\/2011\/10\/sorties_ban.jpg","datePublished":"2011-10-26T14:02:12+00:00","dateModified":"2020-03-13T11:08:31+00:00","breadcrumb":{"@id":"https:\/\/francois-pelletant.fr\/blog\/sortir-ce-we\/#breadcrumb"},"inLanguage":"fr-FR","potentialAction":[{"@type":"ReadAction","target":["https:\/\/francois-pelletant.fr\/blog\/sortir-ce-we\/"]}]},{"@type":"ImageObject","inLanguage":"fr-FR","@id":"https:\/\/francois-pelletant.fr\/blog\/sortir-ce-we\/#primaryimage","url":"https:\/\/francois-pelletant.fr\/blog\/wp-content\/uploads\/2011\/10\/sorties_ban.jpg","contentUrl":"https:\/\/francois-pelletant.fr\/blog\/wp-content\/uploads\/2011\/10\/sorties_ban.jpg","width":620,"height":120},{"@type":"BreadcrumbList","@id":"https:\/\/francois-pelletant.fr\/blog\/sortir-ce-we\/#breadcrumb","itemListElement":[{"@type":"ListItem","position":1,"name":"Accueil","item":"https:\/\/francois-pelletant.fr\/blog\/"},{"@type":"ListItem","position":2,"name":"Les manifestations du Week End"}]},{"@type":"WebSite","@id":"https:\/\/francois-pelletant.fr\/blog\/#website","url":"https:\/\/francois-pelletant.fr\/blog\/","name":"Fran\u00e7ois Pelletant","description":"Maire de Linas, pour toujours.","publisher":{"@id":"https:\/\/francois-pelletant.fr\/blog\/#organization"},"potentialAction":[{"@type":"SearchAction","target":{"@type":"EntryPoint","urlTemplate":"https:\/\/francois-pelletant.fr\/blog\/?s={search_term_string}"},"query-input":{"@type":"PropertyValueSpecification","valueRequired":true,"valueName":"search_term_string"}}],"inLanguage":"fr-FR"},{"@type":"Organization","@id":"https:\/\/francois-pelletant.fr\/blog\/#organization","name":"Fran\u00e7ois Pelletant","url":"https:\/\/francois-pelletant.fr\/blog\/","logo":{"@type":"ImageObject","inLanguage":"fr-FR","@id":"https:\/\/francois-pelletant.fr\/blog\/#\/schema\/logo\/image\/","url":"https:\/\/francois-pelletant.fr\/blog\/wp-content\/uploads\/2024\/07\/icone-francois-centre-500p.png","contentUrl":"https:\/\/francois-pelletant.fr\/blog\/wp-content\/uploads\/2024\/07\/icone-francois-centre-500p.png","width":559,"height":447,"caption":"Fran\u00e7ois Pelletant"},"image":{"@id":"https:\/\/francois-pelletant.fr\/blog\/#\/schema\/logo\/image\/"},"sameAs":["https:\/\/www.facebook.com\/francois.pelletant.7","https:\/\/x.com\/pelletant"]}]}},"_links":{"self":[{"href":"https:\/\/francois-pelletant.fr\/blog\/wp-json\/wp\/v2\/pages\/210","targetHints":{"allow":["GET"]}}],"collection":[{"href":"https:\/\/francois-pelletant.fr\/blog\/wp-json\/wp\/v2\/pages"}],"about":[{"href":"https:\/\/francois-pelletant.fr\/blog\/wp-json\/wp\/v2\/types\/page"}],"author":[{"embeddable":true,"href":"https:\/\/francois-pelletant.fr\/blog\/wp-json\/wp\/v2\/users\/1"}],"replies":[{"embeddable":true,"href":"https:\/\/francois-pelletant.fr\/blog\/wp-json\/wp\/v2\/comments?post=210"}],"version-history":[{"count":0,"href":"https:\/\/francois-pelletant.fr\/blog\/wp-json\/wp\/v2\/pages\/210\/revisions"}],"wp:attachment":[{"href":"https:\/\/francois-pelletant.fr\/blog\/wp-json\/wp\/v2\/media?parent=210"}],"curies":[{"name":"wp","href":"https:\/\/api.w.org\/{rel}","templated":true}]}}