{"id":257,"date":"2011-10-27T09:17:52","date_gmt":"2011-10-27T09:17:52","guid":{"rendered":"https:\/\/francois-pelletant.fr\/blog\/?page_id=257"},"modified":"2015-08-06T08:21:21","modified_gmt":"2015-08-06T08:21:21","slug":"medias","status":"publish","type":"page","link":"https:\/\/francois-pelletant.fr\/blog\/medias\/","title":{"rendered":"Radio et TV locales d&#8217;un simple clic"},"content":{"rendered":"<p><img loading=\"lazy\" decoding=\"async\" class=\"alignnone size-full wp-image-1453\" title=\"medias_ban\" src=\"https:\/\/francois-pelletant.fr\/blog\/wp-content\/uploads\/2011\/10\/medias_ban2.jpg\" alt=\"\" width=\"620\" height=\"120\" srcset=\"https:\/\/francois-pelletant.fr\/blog\/wp-content\/uploads\/2011\/10\/medias_ban2.jpg 620w, https:\/\/francois-pelletant.fr\/blog\/wp-content\/uploads\/2011\/10\/medias_ban2-300x58.jpg 300w\" sizes=\"auto, (max-width: 620px) 100vw, 620px\" \/><\/p>\n<h3>Les Medias de l&#8217;Essonne, de l&#8217;Hurepoix en particulier&#8230;<\/h3>\n<p>(Cliquez sur le bouton &#8220;Play&#8221; : votre lecteur par d\u00e9faut diffusera alors le m\u00e9dia choisi)<\/p>\n<p><strong>Telessonne, la cha\u00eene de notre d\u00e9partement.<\/strong><\/p>\n<p><img loading=\"lazy\" decoding=\"async\" class=\"size-full wp-image-1339 alignleft\" title=\"Telessonne\" src=\"https:\/\/francois-pelletant.fr\/blog\/wp-content\/uploads\/2011\/10\/logo_telessonne.gif\" alt=\"\" width=\"140\" height=\"54\" \/><\/p>\n<p><img loading=\"lazy\" decoding=\"async\" class=\"alignleft size-full wp-image-1592\" title=\"play-copie\" src=\"https:\/\/francois-pelletant.fr\/blog\/wp-content\/uploads\/2011\/10\/play-copie.png\" alt=\"\" width=\"50\" height=\"50\" \/><\/p>\n<p>&nbsp;<\/p>\n<p>&nbsp;<\/p>\n<h3><\/h3>\n<p>&nbsp;<\/p>\n<p><strong>LinasJazz, la Webradio Jazz de Linas<\/strong><\/p>\n<p><a title=\"LinasJAzz\" href=\"http:\/\/linas.fr\/linasjazz\" target=\"_blank\" rel=\"nofollow\"><img loading=\"lazy\" decoding=\"async\" class=\"alignnone size-full wp-image-1341\" title=\"LinasJazz\" src=\"https:\/\/francois-pelletant.fr\/blog\/wp-content\/uploads\/2011\/10\/LJ_logo.jpg\" alt=\"\" width=\"70\" height=\"70\" \/><\/a><\/p>\n<p>&nbsp;<\/p>\n<p>&nbsp;<\/p>\n<div>\n<p><strong>EFM, la Radio du Sud de l&#8217;Essonne<\/strong><\/p>\n<p><a title=\"Radio Rezo\" href=\"http:\/\/www.radiorezo.fr\/\" target=\"_blank\" rel=\"nofollow\"><img loading=\"lazy\" decoding=\"async\" title=\"Radio-rezo 91\" src=\"https:\/\/francois-pelletant.fr\/blog\/wp-content\/uploads\/2011\/10\/radio-rezo.png\" alt=\"\" width=\"153\" height=\"75\" \/><\/a>\u00a0 \u00a0<a title=\"Ecouter EFM en Direct !\" href=\"http:\/\/static.infomaniak.ch\/infomaniak\/radio\/html\/radioefm_player.html\" target=\"_blank\" rel=\"nofollow\"><img loading=\"lazy\" decoding=\"async\" title=\"play-copie\" src=\"https:\/\/francois-pelletant.fr\/blog\/wp-content\/uploads\/2011\/10\/play-copie.png\" alt=\"\" width=\"50\" height=\"50\" \/><\/a><\/p>\n<p>&nbsp;<\/p>\n<p><strong>Radio Evasion<\/strong><\/p>\n<p><a title=\"Radio Evasion\" href=\"http:\/\/www.evasionfm.com\/\" target=\"_blank\" rel=\"nofollow\"><img loading=\"lazy\" decoding=\"async\" class=\"alignnone size-full wp-image-4600\" title=\"Radio_evasion\" src=\"https:\/\/francois-pelletant.fr\/blog\/wp-content\/uploads\/2011\/10\/Radio_evasion.jpg\" alt=\"\" width=\"97\" height=\"42\" \/><\/a>\u00a0 \u00a0<a title=\"Ecouter Radio Evasion en Direct !\" href=\"http:\/\/www.evasionfm.com\/player\/\" target=\"_blank\" rel=\"nofollow\"><img loading=\"lazy\" decoding=\"async\" title=\"play-copie\" src=\"https:\/\/francois-pelletant.fr\/blog\/wp-content\/uploads\/2011\/10\/play-copie.png\" alt=\"\" width=\"50\" height=\"50\" \/><\/a><\/p>\n<p>&nbsp;<\/p>\n<p><strong>Radio Mille pattes, Radio de l&#8217;Essonne sp\u00e9cialis\u00e9e dans le Reggae<\/strong><\/p>\n<p><a href=\"http:\/\/www.radiomillepattes.com\/\" target=\"_blank\" rel=\"nofollow\"><img loading=\"lazy\" decoding=\"async\" class=\"alignnone size-full wp-image-1353\" title=\"Radio 1000 pattes\" src=\"https:\/\/francois-pelletant.fr\/blog\/wp-content\/uploads\/2011\/10\/1000pates_logo.gif\" alt=\"\" width=\"72\" height=\"71\" \/><\/a>\u00a0 <a title=\"Ecouter Radio Mille Pattes en Direct !\" href=\"http:\/\/broadcast.infomaniak.ch\/radios\/millepattes_player.html\" target=\"_blank\" rel=\"nofollow\"><img loading=\"lazy\" decoding=\"async\" title=\"play-copie\" src=\"https:\/\/francois-pelletant.fr\/blog\/wp-content\/uploads\/2011\/10\/play-copie.png\" alt=\"\" width=\"50\" height=\"50\" \/><\/a><\/p>\n<p>&nbsp;<\/p>\n<p>&nbsp;<\/p>\n<p>&nbsp;<\/p>\n<\/div>\n","protected":false},"excerpt":{"rendered":"<p>Les Medias de l&#8217;Essonne, de l&#8217;Hurepoix en particulier&#8230; (Cliquez sur le bouton &#8220;Play&#8221; : votre lecteur par d\u00e9faut diffusera alors le m\u00e9dia choisi) Telessonne, la cha\u00eene de notre d\u00e9partement. &nbsp; &nbsp; &nbsp; LinasJazz, la Webradio Jazz de Linas &nbsp; &nbsp; EFM, la Radio du Sud de l&#8217;Essonne \u00a0 \u00a0 &nbsp; Radio Evasion \u00a0 \u00a0 &nbsp; [&hellip;]<\/p>\n","protected":false},"author":1,"featured_media":0,"parent":0,"menu_order":0,"comment_status":"closed","ping_status":"closed","template":"","meta":{"footnotes":""},"class_list":["post-257","page","type-page","status-publish","hentry"],"yoast_head":"<!-- This site is optimized with the Yoast SEO plugin v25.6 - https:\/\/yoast.com\/wordpress\/plugins\/seo\/ -->\n<title>Radio et TV locales d&#039;un simple clic - Fran\u00e7ois Pelletant<\/title>\n<meta name=\"robots\" content=\"index, follow, max-snippet:-1, max-image-preview:large, max-video-preview:-1\" \/>\n<link rel=\"canonical\" href=\"https:\/\/francois-pelletant.fr\/blog\/medias\/\" \/>\n<meta property=\"og:locale\" content=\"fr_FR\" \/>\n<meta property=\"og:type\" content=\"article\" \/>\n<meta property=\"og:title\" content=\"Radio et TV locales d&#039;un simple clic - Fran\u00e7ois Pelletant\" \/>\n<meta property=\"og:description\" content=\"Les Medias de l&#8217;Essonne, de l&#8217;Hurepoix en particulier&#8230; (Cliquez sur le bouton &#8220;Play&#8221; : votre lecteur par d\u00e9faut diffusera alors le m\u00e9dia choisi) Telessonne, la cha\u00eene de notre d\u00e9partement. &nbsp; &nbsp; &nbsp; LinasJazz, la Webradio Jazz de Linas &nbsp; &nbsp; EFM, la Radio du Sud de l&#8217;Essonne \u00a0 \u00a0 &nbsp; Radio Evasion \u00a0 \u00a0 &nbsp; [&hellip;]\" \/>\n<meta property=\"og:url\" content=\"https:\/\/francois-pelletant.fr\/blog\/medias\/\" \/>\n<meta property=\"og:site_name\" content=\"Fran\u00e7ois Pelletant\" \/>\n<meta property=\"article:publisher\" content=\"https:\/\/www.facebook.com\/francois.pelletant.7\" \/>\n<meta property=\"article:modified_time\" content=\"2015-08-06T08:21:21+00:00\" \/>\n<meta property=\"og:image\" content=\"https:\/\/francois-pelletant.fr\/blog\/wp-content\/uploads\/2011\/10\/medias_ban2.jpg\" \/>\n\t<meta property=\"og:image:width\" content=\"620\" \/>\n\t<meta property=\"og:image:height\" content=\"120\" \/>\n\t<meta property=\"og:image:type\" content=\"image\/jpeg\" \/>\n<meta name=\"twitter:card\" content=\"summary_large_image\" \/>\n<meta name=\"twitter:site\" content=\"@pelletant\" \/>\n<script type=\"application\/ld+json\" class=\"yoast-schema-graph\">{\"@context\":\"https:\/\/schema.org\",\"@graph\":[{\"@type\":\"WebPage\",\"@id\":\"https:\/\/francois-pelletant.fr\/blog\/medias\/\",\"url\":\"https:\/\/francois-pelletant.fr\/blog\/medias\/\",\"name\":\"Radio et TV locales d'un simple clic - Fran\u00e7ois Pelletant\",\"isPartOf\":{\"@id\":\"https:\/\/francois-pelletant.fr\/blog\/#website\"},\"primaryImageOfPage\":{\"@id\":\"https:\/\/francois-pelletant.fr\/blog\/medias\/#primaryimage\"},\"image\":{\"@id\":\"https:\/\/francois-pelletant.fr\/blog\/medias\/#primaryimage\"},\"thumbnailUrl\":\"https:\/\/francois-pelletant.fr\/blog\/wp-content\/uploads\/2011\/10\/medias_ban2.jpg\",\"datePublished\":\"2011-10-27T09:17:52+00:00\",\"dateModified\":\"2015-08-06T08:21:21+00:00\",\"breadcrumb\":{\"@id\":\"https:\/\/francois-pelletant.fr\/blog\/medias\/#breadcrumb\"},\"inLanguage\":\"fr-FR\",\"potentialAction\":[{\"@type\":\"ReadAction\",\"target\":[\"https:\/\/francois-pelletant.fr\/blog\/medias\/\"]}]},{\"@type\":\"ImageObject\",\"inLanguage\":\"fr-FR\",\"@id\":\"https:\/\/francois-pelletant.fr\/blog\/medias\/#primaryimage\",\"url\":\"https:\/\/francois-pelletant.fr\/blog\/wp-content\/uploads\/2011\/10\/medias_ban2.jpg\",\"contentUrl\":\"https:\/\/francois-pelletant.fr\/blog\/wp-content\/uploads\/2011\/10\/medias_ban2.jpg\",\"width\":620,\"height\":120},{\"@type\":\"BreadcrumbList\",\"@id\":\"https:\/\/francois-pelletant.fr\/blog\/medias\/#breadcrumb\",\"itemListElement\":[{\"@type\":\"ListItem\",\"position\":1,\"name\":\"Accueil\",\"item\":\"https:\/\/francois-pelletant.fr\/blog\/\"},{\"@type\":\"ListItem\",\"position\":2,\"name\":\"Radio et TV locales d&#8217;un simple clic\"}]},{\"@type\":\"WebSite\",\"@id\":\"https:\/\/francois-pelletant.fr\/blog\/#website\",\"url\":\"https:\/\/francois-pelletant.fr\/blog\/\",\"name\":\"Fran\u00e7ois Pelletant\",\"description\":\"Maire de Linas, pour toujours.\",\"publisher\":{\"@id\":\"https:\/\/francois-pelletant.fr\/blog\/#organization\"},\"potentialAction\":[{\"@type\":\"SearchAction\",\"target\":{\"@type\":\"EntryPoint\",\"urlTemplate\":\"https:\/\/francois-pelletant.fr\/blog\/?s={search_term_string}\"},\"query-input\":{\"@type\":\"PropertyValueSpecification\",\"valueRequired\":true,\"valueName\":\"search_term_string\"}}],\"inLanguage\":\"fr-FR\"},{\"@type\":\"Organization\",\"@id\":\"https:\/\/francois-pelletant.fr\/blog\/#organization\",\"name\":\"Fran\u00e7ois Pelletant\",\"url\":\"https:\/\/francois-pelletant.fr\/blog\/\",\"logo\":{\"@type\":\"ImageObject\",\"inLanguage\":\"fr-FR\",\"@id\":\"https:\/\/francois-pelletant.fr\/blog\/#\/schema\/logo\/image\/\",\"url\":\"https:\/\/francois-pelletant.fr\/blog\/wp-content\/uploads\/2024\/07\/icone-francois-centre-500p.png\",\"contentUrl\":\"https:\/\/francois-pelletant.fr\/blog\/wp-content\/uploads\/2024\/07\/icone-francois-centre-500p.png\",\"width\":559,\"height\":447,\"caption\":\"Fran\u00e7ois Pelletant\"},\"image\":{\"@id\":\"https:\/\/francois-pelletant.fr\/blog\/#\/schema\/logo\/image\/\"},\"sameAs\":[\"https:\/\/www.facebook.com\/francois.pelletant.7\",\"https:\/\/x.com\/pelletant\"]}]}<\/script>\n<!-- \/ Yoast SEO plugin. -->","yoast_head_json":{"title":"Radio et TV locales d'un simple clic - Fran\u00e7ois Pelletant","robots":{"index":"index","follow":"follow","max-snippet":"max-snippet:-1","max-image-preview":"max-image-preview:large","max-video-preview":"max-video-preview:-1"},"canonical":"https:\/\/francois-pelletant.fr\/blog\/medias\/","og_locale":"fr_FR","og_type":"article","og_title":"Radio et TV locales d'un simple clic - Fran\u00e7ois Pelletant","og_description":"Les Medias de l&#8217;Essonne, de l&#8217;Hurepoix en particulier&#8230; (Cliquez sur le bouton &#8220;Play&#8221; : votre lecteur par d\u00e9faut diffusera alors le m\u00e9dia choisi) Telessonne, la cha\u00eene de notre d\u00e9partement. &nbsp; &nbsp; &nbsp; LinasJazz, la Webradio Jazz de Linas &nbsp; &nbsp; EFM, la Radio du Sud de l&#8217;Essonne \u00a0 \u00a0 &nbsp; Radio Evasion \u00a0 \u00a0 &nbsp; [&hellip;]","og_url":"https:\/\/francois-pelletant.fr\/blog\/medias\/","og_site_name":"Fran\u00e7ois Pelletant","article_publisher":"https:\/\/www.facebook.com\/francois.pelletant.7","article_modified_time":"2015-08-06T08:21:21+00:00","og_image":[{"width":620,"height":120,"url":"https:\/\/francois-pelletant.fr\/blog\/wp-content\/uploads\/2011\/10\/medias_ban2.jpg","type":"image\/jpeg"}],"twitter_card":"summary_large_image","twitter_site":"@pelletant","schema":{"@context":"https:\/\/schema.org","@graph":[{"@type":"WebPage","@id":"https:\/\/francois-pelletant.fr\/blog\/medias\/","url":"https:\/\/francois-pelletant.fr\/blog\/medias\/","name":"Radio et TV locales d'un simple clic - Fran\u00e7ois Pelletant","isPartOf":{"@id":"https:\/\/francois-pelletant.fr\/blog\/#website"},"primaryImageOfPage":{"@id":"https:\/\/francois-pelletant.fr\/blog\/medias\/#primaryimage"},"image":{"@id":"https:\/\/francois-pelletant.fr\/blog\/medias\/#primaryimage"},"thumbnailUrl":"https:\/\/francois-pelletant.fr\/blog\/wp-content\/uploads\/2011\/10\/medias_ban2.jpg","datePublished":"2011-10-27T09:17:52+00:00","dateModified":"2015-08-06T08:21:21+00:00","breadcrumb":{"@id":"https:\/\/francois-pelletant.fr\/blog\/medias\/#breadcrumb"},"inLanguage":"fr-FR","potentialAction":[{"@type":"ReadAction","target":["https:\/\/francois-pelletant.fr\/blog\/medias\/"]}]},{"@type":"ImageObject","inLanguage":"fr-FR","@id":"https:\/\/francois-pelletant.fr\/blog\/medias\/#primaryimage","url":"https:\/\/francois-pelletant.fr\/blog\/wp-content\/uploads\/2011\/10\/medias_ban2.jpg","contentUrl":"https:\/\/francois-pelletant.fr\/blog\/wp-content\/uploads\/2011\/10\/medias_ban2.jpg","width":620,"height":120},{"@type":"BreadcrumbList","@id":"https:\/\/francois-pelletant.fr\/blog\/medias\/#breadcrumb","itemListElement":[{"@type":"ListItem","position":1,"name":"Accueil","item":"https:\/\/francois-pelletant.fr\/blog\/"},{"@type":"ListItem","position":2,"name":"Radio et TV locales d&#8217;un simple clic"}]},{"@type":"WebSite","@id":"https:\/\/francois-pelletant.fr\/blog\/#website","url":"https:\/\/francois-pelletant.fr\/blog\/","name":"Fran\u00e7ois Pelletant","description":"Maire de Linas, pour toujours.","publisher":{"@id":"https:\/\/francois-pelletant.fr\/blog\/#organization"},"potentialAction":[{"@type":"SearchAction","target":{"@type":"EntryPoint","urlTemplate":"https:\/\/francois-pelletant.fr\/blog\/?s={search_term_string}"},"query-input":{"@type":"PropertyValueSpecification","valueRequired":true,"valueName":"search_term_string"}}],"inLanguage":"fr-FR"},{"@type":"Organization","@id":"https:\/\/francois-pelletant.fr\/blog\/#organization","name":"Fran\u00e7ois Pelletant","url":"https:\/\/francois-pelletant.fr\/blog\/","logo":{"@type":"ImageObject","inLanguage":"fr-FR","@id":"https:\/\/francois-pelletant.fr\/blog\/#\/schema\/logo\/image\/","url":"https:\/\/francois-pelletant.fr\/blog\/wp-content\/uploads\/2024\/07\/icone-francois-centre-500p.png","contentUrl":"https:\/\/francois-pelletant.fr\/blog\/wp-content\/uploads\/2024\/07\/icone-francois-centre-500p.png","width":559,"height":447,"caption":"Fran\u00e7ois Pelletant"},"image":{"@id":"https:\/\/francois-pelletant.fr\/blog\/#\/schema\/logo\/image\/"},"sameAs":["https:\/\/www.facebook.com\/francois.pelletant.7","https:\/\/x.com\/pelletant"]}]}},"_links":{"self":[{"href":"https:\/\/francois-pelletant.fr\/blog\/wp-json\/wp\/v2\/pages\/257","targetHints":{"allow":["GET"]}}],"collection":[{"href":"https:\/\/francois-pelletant.fr\/blog\/wp-json\/wp\/v2\/pages"}],"about":[{"href":"https:\/\/francois-pelletant.fr\/blog\/wp-json\/wp\/v2\/types\/page"}],"author":[{"embeddable":true,"href":"https:\/\/francois-pelletant.fr\/blog\/wp-json\/wp\/v2\/users\/1"}],"replies":[{"embeddable":true,"href":"https:\/\/francois-pelletant.fr\/blog\/wp-json\/wp\/v2\/comments?post=257"}],"version-history":[{"count":0,"href":"https:\/\/francois-pelletant.fr\/blog\/wp-json\/wp\/v2\/pages\/257\/revisions"}],"wp:attachment":[{"href":"https:\/\/francois-pelletant.fr\/blog\/wp-json\/wp\/v2\/media?parent=257"}],"curies":[{"name":"wp","href":"https:\/\/api.w.org\/{rel}","templated":true}]}}