{"id":480,"date":"2011-11-21T11:06:50","date_gmt":"2011-11-21T11:06:50","guid":{"rendered":"https:\/\/francois-pelletant.fr\/blog\/?page_id=480"},"modified":"2011-11-21T11:06:50","modified_gmt":"2011-11-21T11:06:50","slug":"conseiller-general-de-montlhery","status":"publish","type":"page","link":"https:\/\/francois-pelletant.fr\/blog\/mon-travail\/conseiller-general-de-montlhery\/","title":{"rendered":"Conseiller G\u00e9n\u00e9ral de Montlh\u00e9ry"},"content":{"rendered":"<p>Jusqu&#8217;en 2011<br \/>\n+<br \/>\nR\u00e9alisations<\/p>\n","protected":false},"excerpt":{"rendered":"<p>Jusqu&#8217;en 2011 + R\u00e9alisations<\/p>\n","protected":false},"author":2,"featured_media":0,"parent":457,"menu_order":0,"comment_status":"closed","ping_status":"closed","template":"","meta":{"footnotes":""},"class_list":["post-480","page","type-page","status-publish","hentry"],"yoast_head":"<!-- This site is optimized with the Yoast SEO plugin v25.6 - https:\/\/yoast.com\/wordpress\/plugins\/seo\/ -->\n<title>Conseiller G\u00e9n\u00e9ral de Montlh\u00e9ry - Fran\u00e7ois Pelletant<\/title>\n<meta name=\"robots\" content=\"index, follow, max-snippet:-1, max-image-preview:large, max-video-preview:-1\" \/>\n<link rel=\"canonical\" href=\"https:\/\/francois-pelletant.fr\/blog\/mon-travail\/conseiller-general-de-montlhery\/\" \/>\n<meta property=\"og:locale\" content=\"fr_FR\" \/>\n<meta property=\"og:type\" content=\"article\" \/>\n<meta property=\"og:title\" content=\"Conseiller G\u00e9n\u00e9ral de Montlh\u00e9ry - Fran\u00e7ois Pelletant\" \/>\n<meta property=\"og:description\" content=\"Jusqu&#8217;en 2011 + R\u00e9alisations\" \/>\n<meta property=\"og:url\" content=\"https:\/\/francois-pelletant.fr\/blog\/mon-travail\/conseiller-general-de-montlhery\/\" \/>\n<meta property=\"og:site_name\" content=\"Fran\u00e7ois Pelletant\" \/>\n<meta property=\"article:publisher\" content=\"https:\/\/www.facebook.com\/francois.pelletant.7\" \/>\n<meta name=\"twitter:card\" content=\"summary_large_image\" \/>\n<meta name=\"twitter:site\" content=\"@pelletant\" \/>\n<script type=\"application\/ld+json\" class=\"yoast-schema-graph\">{\"@context\":\"https:\/\/schema.org\",\"@graph\":[{\"@type\":\"WebPage\",\"@id\":\"https:\/\/francois-pelletant.fr\/blog\/mon-travail\/conseiller-general-de-montlhery\/\",\"url\":\"https:\/\/francois-pelletant.fr\/blog\/mon-travail\/conseiller-general-de-montlhery\/\",\"name\":\"Conseiller G\u00e9n\u00e9ral de Montlh\u00e9ry - Fran\u00e7ois Pelletant\",\"isPartOf\":{\"@id\":\"https:\/\/francois-pelletant.fr\/blog\/#website\"},\"datePublished\":\"2011-11-21T11:06:50+00:00\",\"breadcrumb\":{\"@id\":\"https:\/\/francois-pelletant.fr\/blog\/mon-travail\/conseiller-general-de-montlhery\/#breadcrumb\"},\"inLanguage\":\"fr-FR\",\"potentialAction\":[{\"@type\":\"ReadAction\",\"target\":[\"https:\/\/francois-pelletant.fr\/blog\/mon-travail\/conseiller-general-de-montlhery\/\"]}]},{\"@type\":\"BreadcrumbList\",\"@id\":\"https:\/\/francois-pelletant.fr\/blog\/mon-travail\/conseiller-general-de-montlhery\/#breadcrumb\",\"itemListElement\":[{\"@type\":\"ListItem\",\"position\":1,\"name\":\"Accueil\",\"item\":\"https:\/\/francois-pelletant.fr\/blog\/\"},{\"@type\":\"ListItem\",\"position\":2,\"name\":\"MON TRAVAIL\",\"item\":\"https:\/\/francois-pelletant.fr\/blog\/mon-travail\/\"},{\"@type\":\"ListItem\",\"position\":3,\"name\":\"Conseiller G\u00e9n\u00e9ral de Montlh\u00e9ry\"}]},{\"@type\":\"WebSite\",\"@id\":\"https:\/\/francois-pelletant.fr\/blog\/#website\",\"url\":\"https:\/\/francois-pelletant.fr\/blog\/\",\"name\":\"Fran\u00e7ois Pelletant\",\"description\":\"Maire de Linas, pour toujours.\",\"publisher\":{\"@id\":\"https:\/\/francois-pelletant.fr\/blog\/#organization\"},\"potentialAction\":[{\"@type\":\"SearchAction\",\"target\":{\"@type\":\"EntryPoint\",\"urlTemplate\":\"https:\/\/francois-pelletant.fr\/blog\/?s={search_term_string}\"},\"query-input\":{\"@type\":\"PropertyValueSpecification\",\"valueRequired\":true,\"valueName\":\"search_term_string\"}}],\"inLanguage\":\"fr-FR\"},{\"@type\":\"Organization\",\"@id\":\"https:\/\/francois-pelletant.fr\/blog\/#organization\",\"name\":\"Fran\u00e7ois Pelletant\",\"url\":\"https:\/\/francois-pelletant.fr\/blog\/\",\"logo\":{\"@type\":\"ImageObject\",\"inLanguage\":\"fr-FR\",\"@id\":\"https:\/\/francois-pelletant.fr\/blog\/#\/schema\/logo\/image\/\",\"url\":\"https:\/\/francois-pelletant.fr\/blog\/wp-content\/uploads\/2024\/07\/icone-francois-centre-500p.png\",\"contentUrl\":\"https:\/\/francois-pelletant.fr\/blog\/wp-content\/uploads\/2024\/07\/icone-francois-centre-500p.png\",\"width\":559,\"height\":447,\"caption\":\"Fran\u00e7ois Pelletant\"},\"image\":{\"@id\":\"https:\/\/francois-pelletant.fr\/blog\/#\/schema\/logo\/image\/\"},\"sameAs\":[\"https:\/\/www.facebook.com\/francois.pelletant.7\",\"https:\/\/x.com\/pelletant\"]}]}<\/script>\n<!-- \/ Yoast SEO plugin. -->","yoast_head_json":{"title":"Conseiller G\u00e9n\u00e9ral de Montlh\u00e9ry - Fran\u00e7ois Pelletant","robots":{"index":"index","follow":"follow","max-snippet":"max-snippet:-1","max-image-preview":"max-image-preview:large","max-video-preview":"max-video-preview:-1"},"canonical":"https:\/\/francois-pelletant.fr\/blog\/mon-travail\/conseiller-general-de-montlhery\/","og_locale":"fr_FR","og_type":"article","og_title":"Conseiller G\u00e9n\u00e9ral de Montlh\u00e9ry - Fran\u00e7ois Pelletant","og_description":"Jusqu&#8217;en 2011 + R\u00e9alisations","og_url":"https:\/\/francois-pelletant.fr\/blog\/mon-travail\/conseiller-general-de-montlhery\/","og_site_name":"Fran\u00e7ois Pelletant","article_publisher":"https:\/\/www.facebook.com\/francois.pelletant.7","twitter_card":"summary_large_image","twitter_site":"@pelletant","schema":{"@context":"https:\/\/schema.org","@graph":[{"@type":"WebPage","@id":"https:\/\/francois-pelletant.fr\/blog\/mon-travail\/conseiller-general-de-montlhery\/","url":"https:\/\/francois-pelletant.fr\/blog\/mon-travail\/conseiller-general-de-montlhery\/","name":"Conseiller G\u00e9n\u00e9ral de Montlh\u00e9ry - Fran\u00e7ois Pelletant","isPartOf":{"@id":"https:\/\/francois-pelletant.fr\/blog\/#website"},"datePublished":"2011-11-21T11:06:50+00:00","breadcrumb":{"@id":"https:\/\/francois-pelletant.fr\/blog\/mon-travail\/conseiller-general-de-montlhery\/#breadcrumb"},"inLanguage":"fr-FR","potentialAction":[{"@type":"ReadAction","target":["https:\/\/francois-pelletant.fr\/blog\/mon-travail\/conseiller-general-de-montlhery\/"]}]},{"@type":"BreadcrumbList","@id":"https:\/\/francois-pelletant.fr\/blog\/mon-travail\/conseiller-general-de-montlhery\/#breadcrumb","itemListElement":[{"@type":"ListItem","position":1,"name":"Accueil","item":"https:\/\/francois-pelletant.fr\/blog\/"},{"@type":"ListItem","position":2,"name":"MON TRAVAIL","item":"https:\/\/francois-pelletant.fr\/blog\/mon-travail\/"},{"@type":"ListItem","position":3,"name":"Conseiller G\u00e9n\u00e9ral de Montlh\u00e9ry"}]},{"@type":"WebSite","@id":"https:\/\/francois-pelletant.fr\/blog\/#website","url":"https:\/\/francois-pelletant.fr\/blog\/","name":"Fran\u00e7ois Pelletant","description":"Maire de Linas, pour toujours.","publisher":{"@id":"https:\/\/francois-pelletant.fr\/blog\/#organization"},"potentialAction":[{"@type":"SearchAction","target":{"@type":"EntryPoint","urlTemplate":"https:\/\/francois-pelletant.fr\/blog\/?s={search_term_string}"},"query-input":{"@type":"PropertyValueSpecification","valueRequired":true,"valueName":"search_term_string"}}],"inLanguage":"fr-FR"},{"@type":"Organization","@id":"https:\/\/francois-pelletant.fr\/blog\/#organization","name":"Fran\u00e7ois Pelletant","url":"https:\/\/francois-pelletant.fr\/blog\/","logo":{"@type":"ImageObject","inLanguage":"fr-FR","@id":"https:\/\/francois-pelletant.fr\/blog\/#\/schema\/logo\/image\/","url":"https:\/\/francois-pelletant.fr\/blog\/wp-content\/uploads\/2024\/07\/icone-francois-centre-500p.png","contentUrl":"https:\/\/francois-pelletant.fr\/blog\/wp-content\/uploads\/2024\/07\/icone-francois-centre-500p.png","width":559,"height":447,"caption":"Fran\u00e7ois Pelletant"},"image":{"@id":"https:\/\/francois-pelletant.fr\/blog\/#\/schema\/logo\/image\/"},"sameAs":["https:\/\/www.facebook.com\/francois.pelletant.7","https:\/\/x.com\/pelletant"]}]}},"_links":{"self":[{"href":"https:\/\/francois-pelletant.fr\/blog\/wp-json\/wp\/v2\/pages\/480","targetHints":{"allow":["GET"]}}],"collection":[{"href":"https:\/\/francois-pelletant.fr\/blog\/wp-json\/wp\/v2\/pages"}],"about":[{"href":"https:\/\/francois-pelletant.fr\/blog\/wp-json\/wp\/v2\/types\/page"}],"author":[{"embeddable":true,"href":"https:\/\/francois-pelletant.fr\/blog\/wp-json\/wp\/v2\/users\/2"}],"replies":[{"embeddable":true,"href":"https:\/\/francois-pelletant.fr\/blog\/wp-json\/wp\/v2\/comments?post=480"}],"version-history":[{"count":0,"href":"https:\/\/francois-pelletant.fr\/blog\/wp-json\/wp\/v2\/pages\/480\/revisions"}],"up":[{"embeddable":true,"href":"https:\/\/francois-pelletant.fr\/blog\/wp-json\/wp\/v2\/pages\/457"}],"wp:attachment":[{"href":"https:\/\/francois-pelletant.fr\/blog\/wp-json\/wp\/v2\/media?parent=480"}],"curies":[{"name":"wp","href":"https:\/\/api.w.org\/{rel}","templated":true}]}}

Conseiller Général de Montlhéry

<p>Jusqu&#8217;en 2011<br />
+<br />
Réalisations</p>

<p>Jusqu&#8217;en 2011 + Réalisations</p>

<!-- This site is optimized with the Yoast SEO plugin v25.6 - https://yoast.com/wordpress/plugins/seo/ -->
<title>Conseiller Général de Montlhéry - François Pelletant</title>
<meta name="robots" content="index, follow, max-snippet:-1, max-image-preview:large, max-video-preview:-1" />
<link rel="canonical" href="https://francois-pelletant.fr/blog/mon-travail/conseiller-general-de-montlhery/" />
<meta property="og:locale" content="fr_FR" />
<meta property="og:type" content="article" />
<meta property="og:title" content="Conseiller Général de Montlhéry - François Pelletant" />
<meta property="og:description" content="Jusqu&#8217;en 2011 + Réalisations" />
<meta property="og:url" content="https://francois-pelletant.fr/blog/mon-travail/conseiller-general-de-montlhery/" />
<meta property="og:site_name" content="François Pelletant" />
<meta property="article:publisher" content="https://www.facebook.com/francois.pelletant.7" />
<meta name="twitter:card" content="summary_large_image" />
<meta name="twitter:site" content="@pelletant" />
<script type="application/ld+json" class="yoast-schema-graph">{"@context":"https://schema.org","@graph":[{"@type":"WebPage","@id":"https://francois-pelletant.fr/blog/mon-travail/conseiller-general-de-montlhery/","url":"https://francois-pelletant.fr/blog/mon-travail/conseiller-general-de-montlhery/","name":"Conseiller Général de Montlhéry - François Pelletant","isPartOf":{"@id":"https://francois-pelletant.fr/blog/#website"},"datePublished":"2011-11-21T11:06:50+00:00","breadcrumb":{"@id":"https://francois-pelletant.fr/blog/mon-travail/conseiller-general-de-montlhery/#breadcrumb"},"inLanguage":"fr-FR","potentialAction":[{"@type":"ReadAction","target":["https://francois-pelletant.fr/blog/mon-travail/conseiller-general-de-montlhery/"]}]},{"@type":"BreadcrumbList","@id":"https://francois-pelletant.fr/blog/mon-travail/conseiller-general-de-montlhery/#breadcrumb","itemListElement":[{"@type":"ListItem","position":1,"name":"Accueil","item":"https://francois-pelletant.fr/blog/"},{"@type":"ListItem","position":2,"name":"MON TRAVAIL","item":"https://francois-pelletant.fr/blog/mon-travail/"},{"@type":"ListItem","position":3,"name":"Conseiller Général de Montlhéry"}]},{"@type":"WebSite","@id":"https://francois-pelletant.fr/blog/#website","url":"https://francois-pelletant.fr/blog/","name":"François Pelletant","description":"Maire de Linas, pour toujours.","publisher":{"@id":"https://francois-pelletant.fr/blog/#organization"},"potentialAction":[{"@type":"SearchAction","target":{"@type":"EntryPoint","urlTemplate":"https://francois-pelletant.fr/blog/?s={search_term_string}"},"query-input":{"@type":"PropertyValueSpecification","valueRequired":true,"valueName":"search_term_string"}}],"inLanguage":"fr-FR"},{"@type":"Organization","@id":"https://francois-pelletant.fr/blog/#organization","name":"François Pelletant","url":"https://francois-pelletant.fr/blog/","logo":{"@type":"ImageObject","inLanguage":"fr-FR","@id":"https://francois-pelletant.fr/blog/#/schema/logo/image/","url":"https://francois-pelletant.fr/blog/wp-content/uploads/2024/07/icone-francois-centre-500p.png","contentUrl":"https://francois-pelletant.fr/blog/wp-content/uploads/2024/07/icone-francois-centre-500p.png","width":559,"height":447,"caption":"François Pelletant"},"image":{"@id":"https://francois-pelletant.fr/blog/#/schema/logo/image/"},"sameAs":["https://www.facebook.com/francois.pelletant.7","https://x.com/pelletant"]}]}</script>
<!-- / Yoast SEO plugin. -->

Conseiller Général de Montlhéry - François Pelletant

Jusqu&#8217;en 2011 + Réalisations

François Pelletant
